CRAN Package Check Results for Package andurinha

Last updated on 2021-07-27 09:53:08 CEST.

Flavor Version Tinstall Tcheck Ttotal Status Flags
r-devel-linux-x86_64-debian-clang 0.0.2 5.59 82.94 88.53 OK
r-devel-linux-x86_64-debian-gcc 0.0.2 5.33 61.56 66.89 OK
r-devel-linux-x86_64-fedora-clang 0.0.2 115.40 OK
r-devel-linux-x86_64-fedora-gcc 0.0.2 101.35 OK
r-devel-windows-x86_64 0.0.2 11.00 105.00 116.00 OK
r-devel-windows-x86_64-gcc10-UCRT 0.0.2 OK
r-patched-linux-x86_64 0.0.2 6.48 76.93 83.41 OK
r-patched-solaris-x86 0.0.2 139.90 OK
r-release-linux-x86_64 0.0.2 6.14 76.98 83.12 OK
r-release-macos-arm64 0.0.2 WARN
r-release-macos-x86_64 0.0.2 OK
r-release-windows-ix86+x86_64 0.0.2 17.00 79.00 96.00 OK
r-oldrel-macos-x86_64 0.0.2 OK
r-oldrel-windows-ix86+x86_64 0.0.2 12.00 124.00 136.00 OK

Check Details

Version: 0.0.2
Check: re-building of vignette outputs
Result: WARN
    Error(s) in re-building vignettes:
    --- re-building ‘andurinha.Rmd’ using rmarkdown
    Warning in engine$weave(file, quiet = quiet, encoding = enc) :
     Pandoc (>= 1.12.3) not available. Falling back to R Markdown v1.
    Warning in grid.Call.graphics(C_text, as.graphicsAnnot(x$label), x$x, x$y, :
     no font could be found for family "Arial"
    Warning in grid.Call.graphics(C_text, as.graphicsAnnot(x$label), x$x, x$y, :
     no font could be found for family "Arial"
    Warning in grid.Call.graphics(C_text, as.graphicsAnnot(x$label), x$x, x$y, :
     no font could be found for family "Arial"
    Warning in grid.Call.graphics(C_text, as.graphicsAnnot(x$label), x$x, x$y, :
     no font could be found for family "Arial"
    Warning in grid.Call.graphics(C_text, as.graphicsAnnot(x$label), x$x, x$y, :
     no font could be found for family "Arial"
    Warning in grid.Call.graphics(C_text, as.graphicsAnnot(x$label), x$x, x$y, :
     no font could be found for family "Arial"
    Warning in grid.Call.graphics(C_text, as.graphicsAnnot(x$label), x$x, x$y, :
     no font could be found for family "Arial"
    Warning in grid.Call.graphics(C_text, as.graphicsAnnot(x$label), x$x, x$y, :
     no font could be found for family "Arial"
    Warning in grid.Call.graphics(C_text, as.graphicsAnnot(x$label), x$x, x$y, :
     no font could be found for family "Arial"
    Warning in grid.Call.graphics(C_text, as.graphicsAnnot(x$label), x$x, x$y, :
     no font could be found for family "Arial"
    Warning in grid.Call.graphics(C_text, as.graphicsAnnot(x$label), x$x, x$y, :
     no font could be found for family "Arial"
    Quitting from lines 158-160 (andurinha.Rmd)
    Error: processing vignette 'andurinha.Rmd' failed with diagnostics:
    polygon edge not found
    --- failed re-building ‘andurinha.Rmd’
    
    SUMMARY: processing the following file failed:
     ‘andurinha.Rmd’
    
    Error: Vignette re-building failed.
    Execution halted
Flavor: r-release-macos-arm64