CRAN Package Check Results for Package alakazam

Last updated on 2021-07-29 10:52:47 CEST.

Flavor Version Tinstall Tcheck Ttotal Status Flags
r-devel-linux-x86_64-debian-clang 1.1.0 OK
r-devel-linux-x86_64-debian-gcc 1.1.0 47.07 441.24 488.31 OK
r-devel-linux-x86_64-fedora-clang 1.1.0 766.05 OK
r-devel-linux-x86_64-fedora-gcc 1.1.0 757.16 OK
r-devel-windows-x86_64 1.1.0 94.00 726.00 820.00 OK
r-devel-windows-x86_64-gcc10-UCRT 1.1.0 OK
r-patched-linux-x86_64 1.1.0 61.68 549.50 611.18 OK
r-patched-solaris-x86 1.1.0 971.10 OK
r-release-linux-x86_64 1.1.0 53.09 545.97 599.06 OK
r-release-macos-arm64 1.1.0 ERROR
r-release-macos-x86_64 1.1.0 OK
r-release-windows-ix86+x86_64 1.1.0 133.00 898.00 1031.00 OK
r-oldrel-macos-x86_64 1.1.0 OK
r-oldrel-windows-ix86+x86_64 1.1.0 97.00 904.00 1001.00 OK

Check Details

Version: 1.1.0
Check: package dependencies
Result: ERROR
    Package required but not available: ‘GenomicAlignments’
    
    See section ‘The DESCRIPTION file’ in the ‘Writing R Extensions’
    manual.
Flavor: r-release-macos-arm64