CRAN Package Check Results for Package airportr

Last updated on 2021-09-25 09:53:43 CEST.

Flavor Version Tinstall Tcheck Ttotal Status Flags
r-devel-linux-x86_64-debian-clang 0.1.3 4.64 50.37 55.01 OK
r-devel-linux-x86_64-debian-gcc 0.1.3 4.13 37.43 41.56 OK
r-devel-linux-x86_64-fedora-clang 0.1.3 75.46 NOTE
r-devel-linux-x86_64-fedora-gcc 0.1.3 62.15 NOTE
r-devel-windows-x86_64 0.1.3 7.00 51.00 58.00 OK
r-devel-windows-x86_64-gcc10-UCRT 0.1.3 NOTE
r-patched-linux-x86_64 0.1.3 4.88 45.89 50.77 OK
r-patched-solaris-x86 0.1.3 92.60 NOTE
r-release-linux-x86_64 0.1.3 4.88 46.51 51.39 OK
r-release-macos-arm64 0.1.3 NOTE
r-release-macos-x86_64 0.1.3 NOTE
r-release-windows-ix86+x86_64 0.1.3 11.00 64.00 75.00 OK
r-oldrel-macos-x86_64 0.1.3 NOTE
r-oldrel-windows-ix86+x86_64 0.1.3 9.00 49.00 58.00 OK

Check Details

Version: 0.1.3
Check: data for non-ASCII characters
Result: NOTE
     Note: found 710 marked UTF-8 strings
Flavors: r-devel-linux-x86_64-fedora-clang, r-devel-linux-x86_64-fedora-gcc, r-devel-windows-x86_64-gcc10-UCRT, r-patched-solaris-x86, r-release-macos-arm64, r-release-macos-x86_64, r-oldrel-macos-x86_64