Last updated on 2024-04-23 10:53:56 CEST.
Flavor | Version | Tinstall | Tcheck | Ttotal | Status | Flags |
---|---|---|---|---|---|---|
r-devel-linux-x86_64-debian-clang | 0.1.3 | 2.47 | 139.57 | 142.04 | NOTE | |
r-devel-linux-x86_64-debian-gcc | 0.1.3 | 2.59 | 105.17 | 107.76 | NOTE | |
r-devel-linux-x86_64-fedora-clang | 0.1.3 | 171.75 | NOTE | |||
r-devel-linux-x86_64-fedora-gcc | 0.1.3 | 191.12 | NOTE | |||
r-prerel-macos-arm64 | 0.1.3 | 58.00 | NOTE | |||
r-prerel-windows-x86_64 | 0.1.3 | 4.00 | 119.00 | 123.00 | NOTE | |
r-patched-linux-x86_64 | 0.1.3 | 5.60 | 135.01 | 140.61 | NOTE | |
r-release-linux-x86_64 | 0.1.3 | 2.56 | 130.55 | 133.11 | OK | |
r-release-macos-arm64 | 0.1.3 | 62.00 | OK | |||
r-release-macos-x86_64 | 0.1.3 | 104.00 | OK | |||
r-release-windows-x86_64 | 0.1.3 | 5.00 | 154.00 | 159.00 | OK | |
r-oldrel-macos-arm64 | 0.1.3 | 54.00 | OK | |||
r-oldrel-windows-x86_64 | 0.1.3 | 4.00 | 156.00 | 160.00 | OK |
Version: 0.1.3
Check: Rd files
Result: NOTE
checkRd: (-1) CreateInputsPert.Rd:65: Lost braces
65 | \emph{InputsPert}{[list] object of class \emph{InputsModel} containing the ensembles of perturbed model inputs required to perform data assimilation:}
| ^
Flavors: r-devel-linux-x86_64-debian-clang, r-devel-linux-x86_64-debian-gcc, r-devel-linux-x86_64-fedora-clang, r-devel-linux-x86_64-fedora-gcc, r-prerel-macos-arm64, r-prerel-windows-x86_64, r-patched-linux-x86_64