CRAN Package Check Results for Package afmToolkit

Last updated on 2021-10-16 09:54:09 CEST.

Flavor Version Tinstall Tcheck Ttotal Status Flags
r-devel-linux-x86_64-debian-clang 0.0.1 7.68 67.03 74.71 OK
r-devel-linux-x86_64-debian-gcc 0.0.1 5.80 52.26 58.06 OK
r-devel-linux-x86_64-fedora-clang 0.0.1 102.42 NOTE
r-devel-linux-x86_64-fedora-gcc 0.0.1 99.60 NOTE
r-devel-windows-x86_64 0.0.1 13.00 66.00 79.00 OK
r-devel-windows-x86_64-gcc10-UCRT 0.0.1 NOTE
r-patched-linux-x86_64 0.0.1 6.85 67.57 74.42 OK
r-patched-solaris-x86 0.0.1 129.40 NOTE
r-release-linux-x86_64 0.0.1 6.70 67.36 74.06 OK
r-release-macos-arm64 0.0.1 NOTE
r-release-macos-x86_64 0.0.1 NOTE
r-release-windows-ix86+x86_64 0.0.1 16.00 93.00 109.00 OK
r-oldrel-macos-x86_64 0.0.1 NOTE
r-oldrel-windows-ix86+x86_64 0.0.1 17.00 92.00 109.00 OK

Check Details

Version: 0.0.1
Check: dependencies in R code
Result: NOTE
    Namespaces in Imports field not imported from:
     ‘DBI’ ‘assertthat’ ‘tibble’
     All declared Imports should be used.
Flavors: r-devel-linux-x86_64-fedora-clang, r-devel-linux-x86_64-fedora-gcc, r-devel-windows-x86_64-gcc10-UCRT, r-patched-solaris-x86, r-release-macos-arm64, r-release-macos-x86_64, r-oldrel-macos-x86_64