CRAN Package Check Results for Package adehabitatMA

Last updated on 2021-10-25 09:55:12 CEST.

Flavor Version Tinstall Tcheck Ttotal Status Flags
r-devel-linux-x86_64-debian-clang 0.3.14 10.04 57.61 67.65 OK
r-devel-linux-x86_64-debian-gcc 0.3.14 6.02 44.57 50.59 OK
r-devel-linux-x86_64-fedora-clang 0.3.14 91.01 NOTE
r-devel-linux-x86_64-fedora-gcc 0.3.14 79.90 NOTE
r-devel-windows-x86_64 0.3.14 16.00 72.00 88.00 OK
r-devel-windows-x86_64-gcc10-UCRT 0.3.14 NOTE
r-patched-linux-x86_64 0.3.14 9.11 54.96 64.07 OK
r-patched-solaris-x86 0.3.14 129.60 NOTE
r-release-linux-x86_64 0.3.14 7.74 55.87 63.61 OK
r-release-macos-arm64 0.3.14 NOTE
r-release-macos-x86_64 0.3.14 NOTE
r-release-windows-ix86+x86_64 0.3.14 16.00 106.00 122.00 OK
r-oldrel-macos-x86_64 0.3.14 NOTE
r-oldrel-windows-ix86+x86_64 0.3.14 22.00 109.00 131.00 OK

Check Details

Version: 0.3.14
Check: dependencies in R code
Result: NOTE
    Namespace in Imports field not imported from: ‘filehash’
     All declared Imports should be used.
Flavors: r-devel-linux-x86_64-fedora-clang, r-devel-linux-x86_64-fedora-gcc, r-devel-windows-x86_64-gcc10-UCRT, r-patched-solaris-x86, r-release-macos-arm64, r-release-macos-x86_64, r-oldrel-macos-x86_64