CRAN Package Check Results for Package ade4

Last updated on 2021-09-17 09:53:16 CEST.

Flavor Version Tinstall Tcheck Ttotal Status Flags
r-devel-linux-x86_64-debian-clang 1.7-17 50.24 342.59 392.83 OK
r-devel-linux-x86_64-debian-gcc 1.7-17 38.67 248.26 286.93 OK
r-devel-linux-x86_64-fedora-clang 1.7-18 467.99 NOTE
r-devel-linux-x86_64-fedora-gcc 1.7-18 455.24 NOTE
r-devel-windows-x86_64 1.7-17 52.00 418.00 470.00 NOTE
r-devel-windows-x86_64-gcc10-UCRT 1.7-17 NOTE
r-patched-linux-x86_64 1.7-17 51.90 322.96 374.86 OK
r-patched-solaris-x86 1.7-18 557.70 NOTE
r-release-linux-x86_64 1.7-17 47.57 323.73 371.30 OK
r-release-macos-arm64 1.7-17 NOTE
r-release-macos-x86_64 1.7-17 NOTE
r-release-windows-ix86+x86_64 1.7-17 83.00 631.00 714.00 NOTE
r-oldrel-macos-x86_64 1.7-17 NOTE
r-oldrel-windows-ix86+x86_64 1.7-17 61.00 577.00 638.00 NOTE

Check Details

Version: 1.7-18
Check: installed package size
Result: NOTE
     installed size is 7.9Mb
     sub-directories of 1Mb or more:
     R 1.4Mb
     data 2.8Mb
     pictures 2.1Mb
Flavors: r-devel-linux-x86_64-fedora-clang, r-patched-solaris-x86

Version: 1.7-18
Check: dependencies in R code
Result: NOTE
    Namespace in Imports field not imported from: ‘sp’
     All declared Imports should be used.
Flavors: r-devel-linux-x86_64-fedora-clang, r-devel-linux-x86_64-fedora-gcc, r-patched-solaris-x86

Version: 1.7-17
Check: installed package size
Result: NOTE
     installed size is 7.4Mb
     sub-directories of 1Mb or more:
     R 1.4Mb
     data 2.7Mb
     pictures 2.1Mb
Flavors: r-devel-windows-x86_64, r-release-macos-arm64, r-release-macos-x86_64, r-release-windows-ix86+x86_64, r-oldrel-macos-x86_64, r-oldrel-windows-ix86+x86_64

Version: 1.7-17
Check: dependencies in R code
Result: NOTE
    Namespace in Imports field not imported from: 'sp'
     All declared Imports should be used.
Flavors: r-devel-windows-x86_64-gcc10-UCRT, r-release-macos-arm64, r-release-macos-x86_64, r-oldrel-macos-x86_64