Last updated on 2024-03-28 10:49:26 CET.
Flavor | Version | Tinstall | Tcheck | Ttotal | Status | Flags |
---|---|---|---|---|---|---|
r-devel-linux-x86_64-debian-clang | 1.7-22 | 107.25 | 377.82 | 485.07 | NOTE | |
r-devel-linux-x86_64-debian-gcc | 1.7-22 | 77.79 | 271.01 | 348.80 | NOTE | |
r-devel-linux-x86_64-fedora-clang | 1.7-22 | 578.72 | NOTE | |||
r-devel-linux-x86_64-fedora-gcc | 1.7-22 | 579.85 | NOTE | |||
r-devel-windows-x86_64 | 1.7-22 | 84.00 | 373.00 | 457.00 | NOTE | |
r-patched-linux-x86_64 | 1.7-22 | 106.17 | 367.99 | 474.16 | NOTE | |
r-release-linux-x86_64 | 1.7-22 | 92.79 | 357.29 | 450.08 | OK | |
r-release-macos-arm64 | 1.7-22 | 147.00 | NOTE | |||
r-release-macos-x86_64 | 1.7-22 | 266.00 | NOTE | |||
r-release-windows-x86_64 | 1.7-22 | 104.00 | 468.00 | 572.00 | NOTE | |
r-oldrel-macos-arm64 | 1.7-22 | 149.00 | NOTE | |||
r-oldrel-windows-x86_64 | 1.7-22 | 103.00 | 516.00 | 619.00 | NOTE |
Version: 1.7-22
Check: Rd files
Result: NOTE
checkRd: (-1) varipart.Rd:19: Lost braces
19 | \item{type}{a character specifying the algorithm which should be used to adjust R-squared (either \code{"simulated"} or \ code{"parametric"}).}
| ^
Flavors: r-devel-linux-x86_64-debian-clang, r-devel-linux-x86_64-debian-gcc, r-devel-linux-x86_64-fedora-clang, r-devel-linux-x86_64-fedora-gcc, r-devel-windows-x86_64, r-patched-linux-x86_64
Version: 1.7-22
Check: installed package size
Result: NOTE
installed size is 6.4Mb
sub-directories of 1Mb or more:
R 1.4Mb
data 3.0Mb
Flavors: r-devel-linux-x86_64-fedora-clang, r-devel-windows-x86_64, r-release-macos-arm64, r-release-macos-x86_64, r-release-windows-x86_64, r-oldrel-macos-arm64, r-oldrel-windows-x86_64
Version: 1.7-22
Check: dependencies in R code
Result: NOTE
Namespace in Imports field not imported from: ‘sp’
All declared Imports should be used.
Flavors: r-devel-linux-x86_64-fedora-clang, r-devel-linux-x86_64-fedora-gcc