CRAN Package Check Results for Package adaptiveGPCA

Last updated on 2021-08-04 09:54:39 CEST.

Flavor Version Tinstall Tcheck Ttotal Status Flags
r-devel-linux-x86_64-debian-clang 0.1.2 25.95 283.09 309.04 OK
r-devel-linux-x86_64-debian-gcc 0.1.2 24.04 213.18 237.22 OK
r-devel-linux-x86_64-fedora-clang 0.1.2 382.42 OK
r-devel-linux-x86_64-fedora-gcc 0.1.2 361.02 OK
r-devel-windows-x86_64 0.1.2 30.00 306.00 336.00 OK
r-devel-windows-x86_64-gcc10-UCRT 0.1.2 OK
r-patched-linux-x86_64 0.1.2 27.27 264.79 292.06 OK
r-patched-solaris-x86 0.1.2 562.90 OK
r-release-linux-x86_64 0.1.2 23.53 265.57 289.10 OK
r-release-macos-arm64 0.1.2 ERROR
r-release-macos-x86_64 0.1.2 OK
r-release-windows-ix86+x86_64 0.1.2 63.00 302.00 365.00 OK
r-oldrel-macos-x86_64 0.1.2 OK
r-oldrel-windows-ix86+x86_64 0.1.2 49.00 301.00 350.00 OK

Check Details

Version: 0.1.2
Check: package dependencies
Result: ERROR
    Package required but not available: ‘phyloseq’
    
    See section ‘The DESCRIPTION file’ in the ‘Writing R Extensions’
    manual.
Flavor: r-release-macos-arm64