CRAN Package Check Results for Package actuaryr

Last updated on 2021-10-16 09:54:09 CEST.

Flavor Version Tinstall Tcheck Ttotal Status Flags
r-devel-linux-x86_64-debian-clang 1.1.1 3.21 32.62 35.83 NOTE
r-devel-linux-x86_64-debian-gcc 1.1.1 2.49 25.21 27.70 NOTE
r-devel-linux-x86_64-fedora-clang 1.1.1 52.04 NOTE
r-devel-linux-x86_64-fedora-gcc 1.1.1 44.07 NOTE
r-devel-windows-x86_64 1.1.1 6.00 42.00 48.00 NOTE
r-devel-windows-x86_64-gcc10-UCRT 1.1.1 NOTE
r-patched-linux-x86_64 1.1.1 3.24 31.13 34.37 NOTE
r-patched-solaris-x86 1.1.1 65.50 NOTE
r-release-linux-x86_64 1.1.1 2.99 31.06 34.05 NOTE
r-release-macos-arm64 1.1.1 NOTE
r-release-macos-x86_64 1.1.1 NOTE
r-release-windows-ix86+x86_64 1.1.1 6.00 54.00 60.00 NOTE
r-oldrel-macos-x86_64 1.1.1 OK
r-oldrel-windows-ix86+x86_64 1.1.1 7.00 55.00 62.00 OK

Check Details

Version: 1.1.1
Check: LazyData
Result: NOTE
     'LazyData' is specified without a 'data' directory
Flavors: r-devel-linux-x86_64-debian-clang, r-devel-linux-x86_64-debian-gcc, r-devel-linux-x86_64-fedora-clang, r-devel-linux-x86_64-fedora-gcc, r-devel-windows-x86_64, r-devel-windows-x86_64-gcc10-UCRT, r-patched-linux-x86_64, r-patched-solaris-x86, r-release-linux-x86_64, r-release-macos-arm64, r-release-macos-x86_64, r-release-windows-ix86+x86_64