Last updated on 2024-03-28 10:49:26 CET.
Flavor | Version | Tinstall | Tcheck | Ttotal | Status | Flags |
---|---|---|---|---|---|---|
r-devel-linux-x86_64-debian-clang | 1.10 | 40.20 | 66.76 | 106.96 | NOTE | |
r-devel-linux-x86_64-debian-gcc | 1.10 | 29.05 | 49.30 | 78.35 | NOTE | |
r-devel-linux-x86_64-fedora-clang | 1.10 | 145.92 | NOTE | |||
r-devel-linux-x86_64-fedora-gcc | 1.10 | 131.55 | NOTE | |||
r-devel-windows-x86_64 | 1.10 | 31.00 | 86.00 | 117.00 | NOTE | |
r-patched-linux-x86_64 | 1.10 | 38.20 | 61.68 | 99.88 | NOTE | |
r-release-linux-x86_64 | 1.10 | 37.82 | 63.87 | 101.69 | NOTE | |
r-release-macos-arm64 | 1.10 | 41.00 | NOTE | |||
r-release-macos-x86_64 | 1.10 | 65.00 | NOTE | |||
r-release-windows-x86_64 | 1.10 | 36.00 | 104.00 | 140.00 | NOTE | |
r-oldrel-macos-arm64 | 1.10 | 39.00 | OK | |||
r-oldrel-windows-x86_64 | 1.10 | 34.00 | 97.00 | 131.00 | OK |
Version: 1.10
Check: C++ specification
Result: NOTE
Specified C++11: please drop specification unless essential
Flavors: r-devel-linux-x86_64-debian-clang, r-devel-linux-x86_64-debian-gcc, r-devel-linux-x86_64-fedora-clang, r-devel-linux-x86_64-fedora-gcc, r-devel-windows-x86_64, r-patched-linux-x86_64, r-release-linux-x86_64, r-release-macos-arm64, r-release-macos-x86_64, r-release-windows-x86_64
Version: 1.10
Check: Rd files
Result: NOTE
checkRd: (-1) overstallwoods.Rd:184-185: Lost braces in \itemize; \value handles \item{}{} directly
checkRd: (-1) overstallwoods.Rd:186-187: Lost braces in \itemize; \value handles \item{}{} directly
checkRd: (-1) overstallwoods.Rd:188-189: Lost braces in \itemize; \value handles \item{}{} directly
checkRd: (-1) overstallwoods.Rd:190-191: Lost braces in \itemize; \value handles \item{}{} directly
Flavors: r-devel-linux-x86_64-debian-clang, r-devel-linux-x86_64-debian-gcc, r-devel-linux-x86_64-fedora-clang, r-devel-linux-x86_64-fedora-gcc, r-devel-windows-x86_64, r-patched-linux-x86_64