Last updated on 2024-04-23 10:53:56 CEST.
Flavor | Version | Tinstall | Tcheck | Ttotal | Status | Flags |
---|---|---|---|---|---|---|
r-devel-linux-x86_64-debian-clang | 0.1.0 | 7.14 | 67.83 | 74.97 | NOTE | |
r-devel-linux-x86_64-debian-gcc | 0.1.0 | 5.31 | 51.89 | 57.20 | NOTE | |
r-devel-linux-x86_64-fedora-clang | 0.1.0 | 98.39 | NOTE | |||
r-devel-linux-x86_64-fedora-gcc | 0.1.0 | 105.85 | NOTE | |||
r-prerel-macos-arm64 | 0.1.0 | 36.00 | NOTE | |||
r-prerel-windows-x86_64 | 0.1.0 | 9.00 | 74.00 | 83.00 | NOTE | |
r-patched-linux-x86_64 | 0.1.0 | 5.91 | 64.35 | 70.26 | NOTE | |
r-release-linux-x86_64 | 0.1.0 | 4.42 | 64.98 | 69.40 | NOTE | |
r-release-macos-arm64 | 0.1.0 | 36.00 | NOTE | |||
r-release-macos-x86_64 | 0.1.0 | 58.00 | NOTE | |||
r-release-windows-x86_64 | 0.1.0 | 10.00 | 82.00 | 92.00 | NOTE | |
r-oldrel-macos-arm64 | 0.1.0 | 33.00 | NOTE | |||
r-oldrel-windows-x86_64 | 0.1.0 | 9.00 | 89.00 | 98.00 | NOTE |
Version: 0.1.0
Check: LazyData
Result: NOTE
'LazyData' is specified without a 'data' directory
Flavors: r-devel-linux-x86_64-debian-clang, r-devel-linux-x86_64-debian-gcc, r-devel-linux-x86_64-fedora-clang, r-devel-linux-x86_64-fedora-gcc, r-prerel-macos-arm64, r-prerel-windows-x86_64, r-patched-linux-x86_64, r-release-linux-x86_64, r-release-macos-arm64, r-release-macos-x86_64, r-release-windows-x86_64, r-oldrel-macos-arm64, r-oldrel-windows-x86_64