CRAN Package Check Results for Package abind

Last updated on 2021-09-23 10:53:10 CEST.

Flavor Version Tinstall Tcheck Ttotal Status Flags
r-devel-linux-x86_64-debian-clang 1.4-5 2.38 28.71 31.09 OK
r-devel-linux-x86_64-debian-gcc 1.4-5 1.74 22.60 24.34 OK
r-devel-linux-x86_64-fedora-clang 1.4-5 47.29 OK
r-devel-linux-x86_64-fedora-gcc 1.4-5 37.21 OK
r-devel-windows-x86_64 1.4-5 4.00 33.00 37.00 OK
r-devel-windows-x86_64-gcc10-UCRT 1.4-5 ERROR
r-patched-linux-x86_64 1.4-5 2.67 27.68 30.35 OK
r-patched-solaris-x86 1.4-5 56.60 OK
r-release-linux-x86_64 1.4-5 2.36 27.87 30.23 OK
r-release-macos-arm64 1.4-5 OK
r-release-macos-x86_64 1.4-5 OK
r-release-windows-ix86+x86_64 1.4-5 7.00 43.00 50.00 OK
r-oldrel-macos-x86_64 1.4-5 OK
r-oldrel-windows-ix86+x86_64 1.4-5 5.00 41.00 46.00 OK

Check Details

Version: 1.4-5
Check: PDF version of manual
Result: WARN
    LaTeX errors when creating PDF version.
    This typically indicates Rd problems.
Flavor: r-devel-windows-x86_64-gcc10-UCRT

Version: 1.4-5
Check: PDF version of manual without hyperrefs or index
Result: ERROR
    Re-running with no redirection of stdout/stderr.
Flavor: r-devel-windows-x86_64-gcc10-UCRT