CRAN Package Check Results for Package abess

Last updated on 2021-10-23 10:56:44 CEST.

Flavor Version Tinstall Tcheck Ttotal Status Flags
r-devel-linux-x86_64-debian-clang 0.3.0 221.66 80.59 302.25 OK
r-devel-linux-x86_64-debian-gcc 0.3.0 176.38 67.62 244.00 OK
r-devel-linux-x86_64-fedora-clang 0.3.0 473.30 NOTE
r-devel-linux-x86_64-fedora-gcc 0.3.0 441.25 OK
r-devel-windows-x86_64 0.3.0 222.00 136.00 358.00 OK
r-devel-windows-x86_64-gcc10-UCRT 0.3.0 OK
r-patched-linux-x86_64 0.3.0 196.74 83.55 280.29 OK
r-patched-solaris-x86 0.3.0 359.20 OK
r-release-linux-x86_64 0.3.0 199.89 83.45 283.34 OK
r-release-macos-arm64 0.3.0 NOTE
r-release-macos-x86_64 0.3.0 NOTE
r-release-windows-ix86+x86_64 0.3.0 297.00 162.00 459.00 OK
r-oldrel-macos-x86_64 0.3.0 NOTE
r-oldrel-windows-ix86+x86_64 0.3.0 440.00 163.00 603.00 OK

Check Details

Version: 0.3.0
Check: installed package size
Result: NOTE
     installed size is 72.0Mb
     sub-directories of 1Mb or more:
     libs 71.1Mb
Flavors: r-devel-linux-x86_64-fedora-clang, r-release-macos-arm64, r-release-macos-x86_64, r-oldrel-macos-x86_64