CRAN Package Check Results for Package ZVCV

Last updated on 2021-07-27 09:53:45 CEST.

Flavor Version Tinstall Tcheck Ttotal Status Flags
r-devel-linux-x86_64-debian-clang 2.1.1 133.78 99.51 233.29 OK
r-devel-linux-x86_64-debian-gcc 2.1.1 90.27 73.32 163.59 OK
r-devel-linux-x86_64-fedora-clang 2.1.1 315.06 NOTE
r-devel-linux-x86_64-fedora-gcc 2.1.1 281.97 OK
r-devel-windows-x86_64 2.1.1 139.00 128.00 267.00 OK
r-devel-windows-x86_64-gcc10-UCRT 2.1.1 OK
r-patched-linux-x86_64 2.1.1 101.97 92.01 193.98 OK
r-patched-solaris-x86 2.1.1 304.40 OK
r-release-linux-x86_64 2.1.1 100.79 93.18 193.97 OK
r-release-macos-arm64 2.1.1 NOTE
r-release-macos-x86_64 2.1.1 NOTE
r-release-windows-ix86+x86_64 2.1.1 260.00 170.00 430.00 OK
r-oldrel-macos-x86_64 2.1.1 NOTE
r-oldrel-windows-ix86+x86_64 2.1.1 200.00 170.00 370.00 OK

Check Details

Version: 2.1.1
Check: installed package size
Result: NOTE
     installed size is 9.9Mb
     sub-directories of 1Mb or more:
     libs 9.6Mb
Flavors: r-devel-linux-x86_64-fedora-clang, r-release-macos-arm64, r-release-macos-x86_64, r-oldrel-macos-x86_64