CRAN Package Check Results for Package YaleToolkit

Last updated on 2021-11-27 10:52:23 CET.

Flavor Version Tinstall Tcheck Ttotal Status Flags
r-devel-linux-x86_64-debian-clang 4.2.2 NOTE
r-devel-linux-x86_64-debian-gcc 4.2.2 1.79 21.64 23.43 NOTE
r-devel-linux-x86_64-fedora-clang 4.2.2 47.62 NOTE
r-devel-linux-x86_64-fedora-gcc 4.2.2 36.36 NOTE
r-devel-windows-x86_64-new-UL 4.2.2 9.00 63.00 72.00 NOTE
r-devel-windows-x86_64-new-TK 4.2.2 NOTE
r-devel-windows-x86_64-old 4.2.2 4.00 47.00 51.00 NOTE
r-patched-linux-x86_64 4.2.2 3.04 26.23 29.27 NOTE
r-patched-solaris-x86 4.2.2 57.00 NOTE
r-release-linux-x86_64 4.2.2 NOTE
r-release-macos-arm64 4.2.2 NOTE
r-release-macos-x86_64 4.2.2 NOTE
r-release-windows-ix86+x86_64 4.2.2 6.00 35.00 41.00 NOTE
r-oldrel-macos-x86_64 4.2.2 NOTE
r-oldrel-windows-ix86+x86_64 4.2.2 4.00 47.00 51.00 NOTE

Check Details

Version: 4.2.2
Check: DESCRIPTION meta-information
Result: NOTE
    Malformed Title field: should not end in a period.
Flavors: r-devel-linux-x86_64-debian-clang, r-devel-linux-x86_64-debian-gcc, r-devel-linux-x86_64-fedora-clang, r-devel-linux-x86_64-fedora-gcc, r-devel-windows-x86_64-new-UL, r-devel-windows-x86_64-new-TK, r-devel-windows-x86_64-old, r-patched-linux-x86_64, r-patched-solaris-x86, r-release-linux-x86_64, r-release-macos-arm64, r-release-macos-x86_64, r-release-windows-ix86+x86_64, r-oldrel-macos-x86_64, r-oldrel-windows-ix86+x86_64

Version: 4.2.2
Check: R code for possible problems
Result: NOTE
    big.read.table: no visible global function definition for 'read.table'
    big.read.table: no visible global function definition for 'object.size'
    sparkline: no visible global function definition for 'is.ts'
    sparkline: no visible global function definition for 'time'
    sparkline: no visible global function definition for 'boxplot'
    Undefined global functions or variables:
     boxplot is.ts object.size read.table time
    Consider adding
     importFrom("graphics", "boxplot")
     importFrom("stats", "is.ts", "time")
     importFrom("utils", "object.size", "read.table")
    to your NAMESPACE file.
Flavors: r-devel-linux-x86_64-debian-clang, r-devel-linux-x86_64-debian-gcc, r-devel-linux-x86_64-fedora-clang, r-devel-linux-x86_64-fedora-gcc, r-devel-windows-x86_64-new-UL, r-devel-windows-x86_64-new-TK, r-devel-windows-x86_64-old, r-patched-linux-x86_64, r-patched-solaris-x86, r-release-linux-x86_64, r-release-macos-arm64, r-release-macos-x86_64, r-release-windows-ix86+x86_64, r-oldrel-macos-x86_64, r-oldrel-windows-ix86+x86_64

Version: 4.2.2
Check: for non-standard things in the check directory
Result: NOTE
    Found the following files/directories:
     'CO2.csv'
Flavors: r-devel-linux-x86_64-debian-clang, r-devel-linux-x86_64-debian-gcc, r-devel-linux-x86_64-fedora-clang, r-devel-linux-x86_64-fedora-gcc, r-patched-linux-x86_64, r-patched-solaris-x86, r-release-linux-x86_64