CRAN Package Check Results for Package YRmisc

Last updated on 2021-07-25 09:50:40 CEST.

Flavor Version Tinstall Tcheck Ttotal Status Flags
r-devel-linux-x86_64-debian-clang 0.1.6 5.51 70.66 76.17 NOTE
r-devel-linux-x86_64-debian-gcc 0.1.6 5.03 51.69 56.72 NOTE
r-devel-linux-x86_64-fedora-clang 0.1.6 97.32 NOTE
r-devel-linux-x86_64-fedora-gcc 0.1.6 86.29 NOTE
r-devel-windows-x86_64 0.1.6 8.00 84.00 92.00 NOTE
r-devel-windows-x86_64-gcc10-UCRT 0.1.6 NOTE
r-patched-linux-x86_64 0.1.6 5.59 65.31 70.90 NOTE
r-patched-solaris-x86 0.1.6 116.40 NOTE
r-release-linux-x86_64 0.1.6 5.84 65.92 71.76 NOTE
r-release-macos-arm64 0.1.6 NOTE
r-release-macos-x86_64 0.1.6 NOTE
r-release-windows-ix86+x86_64 0.1.6 16.00 83.00 99.00 NOTE
r-oldrel-macos-x86_64 0.1.6 OK
r-oldrel-windows-ix86+x86_64 0.1.6 16.00 94.00 110.00 OK

Check Details

Version: 0.1.6
Check: LazyData
Result: NOTE
     'LazyData' is specified without a 'data' directory
Flavors: r-devel-linux-x86_64-debian-clang, r-devel-linux-x86_64-debian-gcc, r-devel-linux-x86_64-fedora-clang, r-devel-linux-x86_64-fedora-gcc, r-devel-windows-x86_64, r-devel-windows-x86_64-gcc10-UCRT, r-patched-linux-x86_64, r-patched-solaris-x86, r-release-linux-x86_64, r-release-macos-arm64, r-release-macos-x86_64, r-release-windows-ix86+x86_64