CRAN Package Check Results for Package WaveletGARCH

Last updated on 2021-10-24 10:04:25 CEST.

Flavor Version Tinstall Tcheck Ttotal Status Flags
r-devel-linux-x86_64-debian-clang 0.1.1 11.64 112.77 124.41 NOTE
r-devel-linux-x86_64-debian-gcc 0.1.1 10.00 84.61 94.61 NOTE
r-devel-linux-x86_64-fedora-clang 0.1.1 158.13 NOTE
r-devel-linux-x86_64-fedora-gcc 0.1.1 144.37 NOTE
r-devel-windows-x86_64 0.1.1 20.00 102.00 122.00 NOTE
r-devel-windows-x86_64-gcc10-UCRT 0.1.1 NOTE
r-patched-linux-x86_64 0.1.1 11.19 105.82 117.01 NOTE
r-patched-solaris-x86 0.1.1 216.80 NOTE
r-release-linux-x86_64 0.1.1 11.31 106.49 117.80 NOTE
r-release-macos-arm64 0.1.1 NOTE
r-release-macos-x86_64 0.1.1 NOTE
r-release-windows-ix86+x86_64 0.1.1 23.00 135.00 158.00 NOTE
r-oldrel-macos-x86_64 0.1.1 OK
r-oldrel-windows-ix86+x86_64 0.1.1 33.00 135.00 168.00 OK

Check Details

Version: 0.1.1
Check: LazyData
Result: NOTE
     'LazyData' is specified without a 'data' directory
Flavors: r-devel-linux-x86_64-debian-clang, r-devel-linux-x86_64-debian-gcc, r-devel-linux-x86_64-fedora-clang, r-devel-linux-x86_64-fedora-gcc, r-devel-windows-x86_64, r-devel-windows-x86_64-gcc10-UCRT, r-patched-linux-x86_64, r-patched-solaris-x86, r-release-linux-x86_64, r-release-macos-arm64, r-release-macos-x86_64, r-release-windows-ix86+x86_64