CRAN Package Check Results for Package WGCNA

Last updated on 2021-07-25 09:50:39 CEST.

Flavor Version Tinstall Tcheck Ttotal Status Flags
r-devel-linux-x86_64-debian-clang 1.70-3 76.38 400.86 477.24 OK
r-devel-linux-x86_64-debian-gcc 1.70-3 57.84 296.66 354.50 OK
r-devel-linux-x86_64-fedora-clang 1.70-3 582.19 OK
r-devel-linux-x86_64-fedora-gcc 1.70-3 569.70 OK
r-devel-windows-x86_64 1.70-3 70.00 348.00 418.00 OK
r-devel-windows-x86_64-gcc10-UCRT 1.70-3 OK
r-patched-linux-x86_64 1.70-3 78.08 379.81 457.89 OK
r-patched-solaris-x86 1.70-3 698.70 OK
r-release-linux-x86_64 1.70-3 61.20 382.24 443.44 OK
r-release-macos-arm64 1.70-3 ERROR
r-release-macos-x86_64 1.70-3 ERROR
r-release-windows-ix86+x86_64 1.70-3 141.00 529.00 670.00 NOTE
r-oldrel-macos-x86_64 1.70-3 OK
r-oldrel-windows-ix86+x86_64 1.70-3 133.00 549.00 682.00 NOTE

Check Details

Version: 1.70-3
Check: package dependencies
Result: ERROR
    Package required but not available: ‘GO.db’
    
    Packages suggested but not available for checking:
     'org.Hs.eg.db', 'org.Mm.eg.db', 'minet'
    
    See section ‘The DESCRIPTION file’ in the ‘Writing R Extensions’
    manual.
Flavor: r-release-macos-arm64

Version: 1.70-3
Check: package dependencies
Result: ERROR
    Package required but not available: ‘GO.db’
    
    Packages suggested but not available for checking:
     'org.Hs.eg.db', 'org.Mm.eg.db'
    
    See section ‘The DESCRIPTION file’ in the ‘Writing R Extensions’
    manual.
Flavor: r-release-macos-x86_64

Version: 1.70-3
Check: installed package size
Result: NOTE
     installed size is 5.1Mb
     sub-directories of 1Mb or more:
     R 1.2Mb
     libs 2.2Mb
Flavors: r-release-windows-ix86+x86_64, r-oldrel-windows-ix86+x86_64