CRAN Package Check Results for Package WCM

Last updated on 2021-10-21 09:55:11 CEST.

Flavor Version Tinstall Tcheck Ttotal Status Flags
r-devel-linux-x86_64-debian-clang 0.2.2 1.74 41.99 43.73 NOTE
r-devel-linux-x86_64-debian-gcc 0.2.2 1.58 32.70 34.28 NOTE
r-devel-linux-x86_64-fedora-clang 0.2.2 66.27 NOTE
r-devel-linux-x86_64-fedora-gcc 0.2.2 53.09 NOTE
r-devel-windows-x86_64 0.2.2 4.00 60.00 64.00 NOTE
r-devel-windows-x86_64-gcc10-UCRT 0.2.2 NOTE
r-patched-linux-x86_64 0.2.2 2.05 41.63 43.68 NOTE
r-patched-solaris-x86 0.2.2 60.20 NOTE
r-release-linux-x86_64 0.2.2 2.09 40.83 42.92 NOTE
r-release-macos-arm64 0.2.2 NOTE
r-release-macos-x86_64 0.2.2 NOTE
r-release-windows-ix86+x86_64 0.2.2 4.00 68.00 72.00 NOTE
r-oldrel-macos-x86_64 0.2.2 OK
r-oldrel-windows-ix86+x86_64 0.2.2 6.00 49.00 55.00 OK

Check Details

Version: 0.2.2
Check: LazyData
Result: NOTE
     'LazyData' is specified without a 'data' directory
Flavors: r-devel-linux-x86_64-debian-clang, r-devel-linux-x86_64-debian-gcc, r-devel-linux-x86_64-fedora-clang, r-devel-linux-x86_64-fedora-gcc, r-devel-windows-x86_64, r-devel-windows-x86_64-gcc10-UCRT, r-patched-linux-x86_64, r-patched-solaris-x86, r-release-linux-x86_64, r-release-macos-arm64, r-release-macos-x86_64, r-release-windows-ix86+x86_64