Last updated on 2024-04-23 10:54:21 CEST.
Flavor | Version | Tinstall | Tcheck | Ttotal | Status | Flags |
---|---|---|---|---|---|---|
r-devel-linux-x86_64-debian-clang | 1.1.0 | 12.85 | 83.08 | 95.93 | NOTE | |
r-devel-linux-x86_64-debian-gcc | 1.1.0 | 9.53 | 62.19 | 71.72 | NOTE | |
r-devel-linux-x86_64-fedora-clang | 1.1.0 | 116.86 | NOTE | |||
r-devel-linux-x86_64-fedora-gcc | 1.1.0 | 111.81 | NOTE | |||
r-prerel-macos-arm64 | 1.1.0 | 31.00 | NOTE | |||
r-prerel-windows-x86_64 | 1.1.0 | 11.00 | 74.00 | 85.00 | NOTE | |
r-patched-linux-x86_64 | 1.1.0 | 9.33 | 79.58 | 88.91 | NOTE | |
r-release-linux-x86_64 | 1.1.0 | 9.47 | 82.60 | 92.07 | OK | |
r-release-macos-arm64 | 1.1.0 | 37.00 | OK | |||
r-release-macos-x86_64 | 1.1.0 | 61.00 | OK | |||
r-release-windows-x86_64 | 1.1.0 | 14.00 | 87.00 | 101.00 | OK | |
r-oldrel-macos-arm64 | 1.1.0 | 35.00 | OK | |||
r-oldrel-windows-x86_64 | 1.1.0 | 13.00 | 88.00 | 101.00 | OK |
Version: 1.1.0
Check: Rd files
Result: NOTE
checkRd: (-1) WACS.Rd:18: Lost braces in \itemize; meant \describe ?
checkRd: (-1) WACS.Rd:19: Lost braces in \itemize; meant \describe ?
checkRd: (-1) WACS.Rd:20: Lost braces in \itemize; meant \describe ?
checkRd: (-1) WACS.Rd:21: Lost braces in \itemize; meant \describe ?
checkRd: (-1) WACS.Rd:22: Lost braces in \itemize; meant \describe ?
checkRd: (-1) WACS.Rd:23: Lost braces in \itemize; meant \describe ?
checkRd: (-1) WACS.Rd:24: Lost braces in \itemize; meant \describe ?
checkRd: (-1) WACS.Rd:36-37: Lost braces in \itemize; meant \describe ?
checkRd: (-1) WACS.Rd:38-39: Lost braces in \itemize; meant \describe ?
checkRd: (-1) WACSreadAgroclim.Rd:15: Lost braces in \itemize; \value handles \item{}{} directly
checkRd: (-1) WACSreadAgroclim.Rd:16-17: Lost braces in \itemize; \value handles \item{}{} directly
Flavors: r-devel-linux-x86_64-debian-clang, r-devel-linux-x86_64-debian-gcc, r-devel-linux-x86_64-fedora-clang, r-devel-linux-x86_64-fedora-gcc, r-prerel-macos-arm64, r-prerel-windows-x86_64, r-patched-linux-x86_64