CRAN Package Check Results for Package VennDiagram

Last updated on 2021-09-21 09:53:14 CEST.

Flavor Version Tinstall Tcheck Ttotal Status Flags
r-devel-linux-x86_64-debian-clang 1.6.20 9.56 60.25 69.81 NOTE
r-devel-linux-x86_64-debian-gcc 1.6.20 6.95 45.23 52.18 NOTE
r-devel-linux-x86_64-fedora-clang 1.6.20 88.97 NOTE
r-devel-linux-x86_64-fedora-gcc 1.6.20 80.32 NOTE
r-devel-windows-x86_64 1.6.20 10.00 57.00 67.00 OK
r-devel-windows-x86_64-gcc10-UCRT 1.6.20 ERROR
r-patched-linux-x86_64 1.6.20 9.09 58.22 67.31 NOTE
r-patched-solaris-x86 1.6.20 107.00 NOTE
r-release-linux-x86_64 1.6.20 9.03 58.05 67.08 NOTE
r-release-macos-arm64 1.6.20 OK
r-release-macos-x86_64 1.6.20 OK
r-release-windows-ix86+x86_64 1.6.20 13.00 76.00 89.00 OK
r-oldrel-macos-x86_64 1.6.20 OK
r-oldrel-windows-ix86+x86_64 1.6.20 13.00 59.00 72.00 OK

Check Details

Version: 1.6.20
Check: for non-standard things in the check directory
Result: NOTE
    Found the following files/directories:
     'Fig3-1_triple_labels_sub_and_superscripts.tiff'
     'Fig3-2_Euler_3set_simple_with_subscripts.tiff'
     'Pairwise_Venn_diagram.tiff' 'Quad_Venn_diagram.tiff'
     'Quintuple_Venn_diagram.tiff' 'Single_Venn_diagram.tiff'
     'Triple_Venn_diagram.tiff' 'Venn_2set_complex.tiff'
     'Venn_4set_pretty.tiff' 'Venn_5set_pretty.tiff'
Flavors: r-devel-linux-x86_64-debian-clang, r-devel-linux-x86_64-debian-gcc, r-devel-linux-x86_64-fedora-clang, r-devel-linux-x86_64-fedora-gcc, r-patched-linux-x86_64, r-patched-solaris-x86, r-release-linux-x86_64

Version: 1.6.20
Check: whether package can be installed
Result: WARN
    Found the following significant warnings:
     WARNING: installation-time patches will not be applied, could not get the patches index
Flavor: r-devel-windows-x86_64-gcc10-UCRT

Version: 1.6.20
Check: PDF version of manual
Result: WARN
    LaTeX errors when creating PDF version.
    This typically indicates Rd problems.
Flavor: r-devel-windows-x86_64-gcc10-UCRT

Version: 1.6.20
Check: PDF version of manual without hyperrefs or index
Result: ERROR
    Re-running with no redirection of stdout/stderr.
Flavor: r-devel-windows-x86_64-gcc10-UCRT