Last updated on 2024-05-05 10:53:44 CEST.
Flavor | Version | Tinstall | Tcheck | Ttotal | Status | Flags |
---|---|---|---|---|---|---|
r-devel-linux-x86_64-debian-clang | 1.0 | 99.57 | 33.55 | 133.12 | NOTE | |
r-devel-linux-x86_64-debian-gcc | 1.0 | 68.64 | 24.92 | 93.56 | NOTE | |
r-devel-linux-x86_64-fedora-clang | 1.0 | 200.23 | NOTE | |||
r-devel-linux-x86_64-fedora-gcc | 1.0 | 182.99 | NOTE | |||
r-devel-windows-x86_64 | 1.0 | 73.00 | 186.00 | 259.00 | NOTE | |
r-patched-linux-x86_64 | 1.0 | 88.08 | 31.82 | 119.90 | NOTE | |
r-release-linux-x86_64 | 1.0 | 87.09 | 31.64 | 118.73 | NOTE | |
r-release-macos-arm64 | 1.0 | 37.00 | NOTE | |||
r-release-windows-x86_64 | 1.0 | 74.00 | 67.00 | 141.00 | NOTE | |
r-oldrel-macos-arm64 | 1.0 | 44.00 | NOTE | |||
r-oldrel-macos-x86_64 | 1.0 | 72.00 | NOTE | |||
r-oldrel-windows-x86_64 | 1.0 | 94.00 | 191.00 | 285.00 | NOTE |
Version: 1.0
Check: C++ specification
Result: NOTE
Specified C++11: please drop specification unless essential
Flavors: r-devel-linux-x86_64-debian-clang, r-devel-linux-x86_64-debian-gcc, r-devel-linux-x86_64-fedora-clang, r-devel-linux-x86_64-fedora-gcc, r-devel-windows-x86_64, r-patched-linux-x86_64, r-release-linux-x86_64, r-release-macos-arm64, r-release-windows-x86_64, r-oldrel-macos-arm64, r-oldrel-macos-x86_64, r-oldrel-windows-x86_64