CRAN Package Check Results for Package VIRF

Last updated on 2021-10-20 09:55:27 CEST.

Flavor Version Tinstall Tcheck Ttotal Status Flags
r-devel-linux-x86_64-debian-clang 0.1.0 15.64 131.26 146.90 NOTE
r-devel-linux-x86_64-debian-gcc 0.1.0 13.09 100.44 113.53 NOTE
r-devel-linux-x86_64-fedora-clang 0.1.0 189.66 NOTE
r-devel-linux-x86_64-fedora-gcc 0.1.0 175.03 NOTE
r-devel-windows-x86_64 0.1.0 26.00 151.00 177.00 WARN
r-devel-windows-x86_64-gcc10-UCRT 0.1.0 WARN
r-patched-linux-x86_64 0.1.0 14.40 126.38 140.78 NOTE
r-patched-solaris-x86 0.1.0 266.80 NOTE
r-release-linux-x86_64 0.1.0 15.59 127.11 142.70 NOTE
r-release-macos-arm64 0.1.0 NOTE
r-release-macos-x86_64 0.1.0 NOTE
r-release-windows-ix86+x86_64 0.1.0 40.00 159.00 199.00 NOTE
r-oldrel-macos-x86_64 0.1.0 OK
r-oldrel-windows-ix86+x86_64 0.1.0 42.00 160.00 202.00 OK

Check Details

Version: 0.1.0
Check: LazyData
Result: NOTE
     'LazyData' is specified without a 'data' directory
Flavors: r-devel-linux-x86_64-debian-clang, r-devel-linux-x86_64-debian-gcc, r-devel-linux-x86_64-fedora-clang, r-devel-linux-x86_64-fedora-gcc, r-devel-windows-x86_64, r-devel-windows-x86_64-gcc10-UCRT, r-patched-linux-x86_64, r-patched-solaris-x86, r-release-linux-x86_64, r-release-macos-arm64, r-release-macos-x86_64, r-release-windows-ix86+x86_64

Version: 0.1.0
Check: whether package can be installed
Result: WARN
    Found the following significant warnings:
     Warning: 'memory.limit()' is no longer supported
Flavors: r-devel-windows-x86_64, r-devel-windows-x86_64-gcc10-UCRT