CRAN Package Check Results for Package VGAM

Last updated on 2021-09-19 09:50:50 CEST.

Flavor Version Tinstall Tcheck Ttotal Status Flags
r-devel-linux-x86_64-debian-clang 1.1-5 99.42 599.99 699.41 OK
r-devel-linux-x86_64-debian-gcc 1.1-5 80.01 427.78 507.79 OK
r-devel-linux-x86_64-fedora-clang 1.1-5 837.64 NOTE
r-devel-linux-x86_64-fedora-gcc 1.1-5 833.51 OK
r-devel-windows-x86_64 1.1-5 125.00 600.00 725.00 NOTE
r-devel-windows-x86_64-gcc10-UCRT 1.1-5 ERROR
r-patched-linux-x86_64 1.1-5 112.64 569.31 681.95 OK
r-patched-solaris-x86 1.1-5 942.50 NOTE
r-release-linux-x86_64 1.1-5 92.67 573.03 665.70 OK
r-release-macos-arm64 1.1-5 NOTE
r-release-macos-x86_64 1.1-5 NOTE
r-release-windows-ix86+x86_64 1.1-5 185.00 891.00 1076.00 NOTE
r-oldrel-macos-x86_64 1.1-5 NOTE
r-oldrel-windows-ix86+x86_64 1.1-5 175.00 687.00 862.00 NOTE

Check Details

Version: 1.1-5
Check: installed package size
Result: NOTE
     installed size is 8.1Mb
     sub-directories of 1Mb or more:
     R 3.9Mb
     help 2.8Mb
Flavors: r-devel-linux-x86_64-fedora-clang, r-devel-windows-x86_64, r-patched-solaris-x86, r-release-macos-arm64, r-release-macos-x86_64, r-release-windows-ix86+x86_64, r-oldrel-macos-x86_64, r-oldrel-windows-ix86+x86_64

Version: 1.1-5
Check: Rd cross-references
Result: NOTE
    Undeclared package ‘car’ in Rd xrefs
Flavor: r-devel-linux-x86_64-fedora-clang

Version: 1.1-5
Check: whether package can be installed
Result: ERROR
    Installation failed.
Flavor: r-devel-windows-x86_64-gcc10-UCRT