CRAN Package Check Results for Package VARtests

Last updated on 2021-10-27 10:10:03 CEST.

Flavor Version Tinstall Tcheck Ttotal Status Flags
r-devel-linux-x86_64-debian-clang 2.0.5 101.46 43.47 144.93 OK
r-devel-linux-x86_64-debian-gcc 2.0.5 75.65 33.78 109.43 OK
r-devel-linux-x86_64-fedora-clang 2.0.5 233.19 NOTE
r-devel-linux-x86_64-fedora-gcc 2.0.5 201.58 OK
r-devel-windows-x86_64 2.0.5 133.00 57.00 190.00 OK
r-devel-windows-x86_64-gcc10-UCRT 2.0.5 OK
r-patched-linux-x86_64 2.0.5 85.13 42.77 127.90 OK
r-patched-solaris-x86 2.0.5 192.50 OK
r-release-linux-x86_64 2.0.5 87.70 42.97 130.67 OK
r-release-macos-arm64 2.0.5 NOTE
r-release-macos-x86_64 2.0.5 NOTE
r-release-windows-ix86+x86_64 2.0.5 199.00 92.00 291.00 OK
r-oldrel-macos-x86_64 2.0.5 NOTE
r-oldrel-windows-ix86+x86_64 2.0.5 269.00 104.00 373.00 OK

Check Details

Version: 2.0.5
Check: installed package size
Result: NOTE
     installed size is 5.7Mb
     sub-directories of 1Mb or more:
     libs 5.4Mb
Flavors: r-devel-linux-x86_64-fedora-clang, r-release-macos-arm64, r-release-macos-x86_64, r-oldrel-macos-x86_64

Version: 2.0.5
Check: Rd cross-references
Result: NOTE
    Undeclared package ‘vars’ in Rd xrefs
Flavor: r-devel-linux-x86_64-fedora-clang