CRAN Package Check Results for Package VARshrink

Last updated on 2021-10-20 09:55:26 CEST.

Flavor Version Tinstall Tcheck Ttotal Status Flags
r-devel-linux-x86_64-debian-clang 0.3.1 6.13 299.13 305.26 NOTE
r-devel-linux-x86_64-debian-gcc 0.3.1 4.19 210.85 215.04 NOTE
r-devel-linux-x86_64-fedora-clang 0.3.1 357.02 NOTE
r-devel-linux-x86_64-fedora-gcc 0.3.1 347.35 NOTE
r-devel-windows-x86_64 0.3.1 11.00 334.00 345.00 NOTE
r-devel-windows-x86_64-gcc10-UCRT 0.3.1 NOTE
r-patched-linux-x86_64 0.3.1 6.12 283.08 289.20 NOTE
r-patched-solaris-x86 0.3.1 96.20 NOTE
r-release-linux-x86_64 0.3.1 5.25 281.23 286.48 NOTE
r-release-macos-arm64 0.3.1 NOTE
r-release-macos-x86_64 0.3.1 NOTE
r-release-windows-ix86+x86_64 0.3.1 10.00 354.00 364.00 NOTE
r-oldrel-macos-x86_64 0.3.1 OK
r-oldrel-windows-ix86+x86_64 0.3.1 14.00 346.00 360.00 OK

Check Details

Version: 0.3.1
Check: LazyData
Result: NOTE
     'LazyData' is specified without a 'data' directory
Flavors: r-devel-linux-x86_64-debian-clang, r-devel-linux-x86_64-debian-gcc, r-devel-linux-x86_64-fedora-clang, r-devel-linux-x86_64-fedora-gcc, r-devel-windows-x86_64, r-devel-windows-x86_64-gcc10-UCRT, r-patched-linux-x86_64, r-patched-solaris-x86, r-release-linux-x86_64, r-release-macos-arm64, r-release-macos-x86_64, r-release-windows-ix86+x86_64