CRAN Package Check Results for Package VARDetect

Last updated on 2021-10-20 09:55:26 CEST.

Flavor Version Tinstall Tcheck Ttotal Status Flags
r-devel-linux-x86_64-debian-clang 0.1.5 51.64 83.66 135.30 OK
r-devel-linux-x86_64-debian-gcc 0.1.5 40.13 61.03 101.16 OK
r-devel-linux-x86_64-fedora-clang 0.1.5 195.91 OK
r-devel-linux-x86_64-fedora-gcc 0.1.5 168.16 OK
r-devel-windows-x86_64 0.1.5 65.00 112.00 177.00 OK
r-devel-windows-x86_64-gcc10-UCRT 0.1.5 OK
r-patched-linux-x86_64 0.1.5 47.59 78.57 126.16 OK
r-patched-solaris-x86 0.1.5 211.60 OK
r-release-linux-x86_64 0.1.5 43.56 78.29 121.85 OK
r-release-macos-arm64 0.1.5 NOTE
r-release-macos-x86_64 0.1.5 OK
r-release-windows-ix86+x86_64 0.1.5 83.00 159.00 242.00 OK
r-oldrel-macos-x86_64 0.1.5 OK
r-oldrel-windows-ix86+x86_64 0.1.5 123.00 170.00 293.00 OK

Check Details

Version: 0.1.5
Check: installed package size
Result: NOTE
     installed size is 5.7Mb
     sub-directories of 1Mb or more:
     libs 5.2Mb
Flavor: r-release-macos-arm64