CRAN Package Check Results for Package UPG

Last updated on 2021-07-27 09:53:43 CEST.

Flavor Version Tinstall Tcheck Ttotal Status Flags
r-devel-linux-x86_64-debian-clang 0.2.2 101.99 69.67 171.66 OK
r-devel-linux-x86_64-debian-gcc 0.2.2 73.54 52.92 126.46 OK
r-devel-linux-x86_64-fedora-clang 0.2.2 242.67 NOTE
r-devel-linux-x86_64-fedora-gcc 0.2.2 217.57 NOTE
r-devel-windows-x86_64 0.2.2 123.00 102.00 225.00 OK
r-devel-windows-x86_64-gcc10-UCRT 0.2.2 NOTE
r-patched-linux-x86_64 0.2.2 83.31 65.22 148.53 OK
r-patched-solaris-x86 0.2.2 222.90 NOTE
r-release-linux-x86_64 0.2.2 81.27 65.66 146.93 OK
r-release-macos-arm64 0.2.2 NOTE
r-release-macos-x86_64 0.2.2 NOTE
r-release-windows-ix86+x86_64 0.2.2 223.00 138.00 361.00 OK
r-oldrel-macos-x86_64 0.2.2 NOTE
r-oldrel-windows-ix86+x86_64 0.2.2 169.00 146.00 315.00 OK

Check Details

Version: 0.2.2
Check: installed package size
Result: NOTE
     installed size is 6.2Mb
     sub-directories of 1Mb or more:
     libs 5.4Mb
Flavors: r-devel-linux-x86_64-fedora-clang, r-release-macos-arm64, r-release-macos-x86_64, r-oldrel-macos-x86_64

Version: 0.2.2
Check: dependencies in R code
Result: NOTE
    Namespace in Imports field not imported from: ‘RcppProgress’
     All declared Imports should be used.
Flavors: r-devel-linux-x86_64-fedora-clang, r-devel-linux-x86_64-fedora-gcc, r-devel-windows-x86_64-gcc10-UCRT, r-patched-solaris-x86, r-release-macos-arm64, r-release-macos-x86_64, r-oldrel-macos-x86_64