CRAN Package Check Results for Package UPCM

Last updated on 2021-10-26 10:04:44 CEST.

Flavor Version Tinstall Tcheck Ttotal Status Flags
r-devel-linux-x86_64-debian-clang 0.0-3 63.23 71.12 134.35 OK
r-devel-linux-x86_64-debian-gcc 0.0-3 40.51 54.79 95.30 OK
r-devel-linux-x86_64-fedora-clang 0.0-3 197.57 OK
r-devel-linux-x86_64-fedora-gcc 0.0-3 158.30 OK
r-devel-windows-x86_64 0.0-3 65.00 81.00 146.00 OK
r-devel-windows-x86_64-gcc10-UCRT 0.0-3 OK
r-patched-linux-x86_64 0.0-3 43.83 68.99 112.82 OK
r-patched-solaris-x86 0.0-3 205.20 OK
r-release-linux-x86_64 0.0-3 47.16 69.09 116.25 OK
r-release-macos-arm64 0.0-3 NOTE
r-release-macos-x86_64 0.0-3 NOTE
r-release-windows-ix86+x86_64 0.0-3 97.00 134.00 231.00 OK
r-oldrel-macos-x86_64 0.0-3 NOTE
r-oldrel-windows-ix86+x86_64 0.0-3 125.00 151.00 276.00 OK

Check Details

Version: 0.0-3
Check: installed package size
Result: NOTE
     installed size is 6.4Mb
     sub-directories of 1Mb or more:
     libs 6.3Mb
Flavors: r-release-macos-arm64, r-release-macos-x86_64, r-oldrel-macos-x86_64