CRAN Package Check Results for Package TensorClustering

Last updated on 2021-10-18 09:55:01 CEST.

Flavor Version Tinstall Tcheck Ttotal Status Flags
r-devel-linux-x86_64-debian-clang 1.0.2 6.80 43.93 50.73 OK
r-devel-linux-x86_64-debian-gcc 1.0.2 4.40 33.88 38.28 OK
r-devel-linux-x86_64-fedora-clang 1.0.2 70.68 NOTE
r-devel-linux-x86_64-fedora-gcc 1.0.2 60.50 NOTE
r-devel-windows-x86_64 1.0.2 10.00 66.00 76.00 OK
r-devel-windows-x86_64-gcc10-UCRT 1.0.2 NOTE
r-patched-linux-x86_64 1.0.2 6.58 42.82 49.40 OK
r-patched-solaris-x86 1.0.2 83.20 NOTE
r-release-linux-x86_64 1.0.2 5.19 42.50 47.69 OK
r-release-macos-arm64 1.0.2 NOTE
r-release-macos-x86_64 1.0.2 NOTE
r-release-windows-ix86+x86_64 1.0.2 13.00 90.00 103.00 OK
r-oldrel-macos-x86_64 1.0.2 NOTE
r-oldrel-windows-ix86+x86_64 1.0.2 18.00 84.00 102.00 OK

Check Details

Version: 1.0.2
Check: dependencies in R code
Result: NOTE
    Namespace in Imports field not imported from: ‘Rcpp’
     All declared Imports should be used.
Flavors: r-devel-linux-x86_64-fedora-clang, r-devel-linux-x86_64-fedora-gcc, r-devel-windows-x86_64-gcc10-UCRT, r-patched-solaris-x86, r-release-macos-arm64, r-release-macos-x86_64, r-oldrel-macos-x86_64