CRAN Package Check Results for Package TauP.R

Last updated on 2021-12-06 09:53:43 CET.

Flavor Version Tinstall Tcheck Ttotal Status Flags
r-devel-linux-x86_64-debian-clang 1.5 7.90 68.32 76.22 OK
r-devel-linux-x86_64-debian-gcc 1.5 6.33 51.09 57.42 OK
r-devel-linux-x86_64-fedora-clang 1.5 95.51 NOTE
r-devel-linux-x86_64-fedora-gcc 1.5 83.98 OK
r-devel-windows-x86_64-new-UL 1.5 16.00 92.00 108.00 OK
r-devel-windows-x86_64-new-TK 1.5 OK
r-devel-windows-x86_64-old 1.5 13.00 62.00 75.00 OK
r-patched-linux-x86_64 1.5 7.36 58.36 65.72 OK
r-release-linux-x86_64 1.5 7.52 65.77 73.29 OK
r-release-macos-arm64 1.5 OK
r-release-macos-x86_64 1.5 OK
r-release-windows-ix86+x86_64 1.5 15.00 78.00 93.00 OK
r-oldrel-macos-x86_64 1.5 OK
r-oldrel-windows-ix86+x86_64 1.5 16.00 77.00 93.00 OK

Check Details

Version: 1.5
Check: Rd cross-references
Result: NOTE
    Undeclared package ‘GEOmap’ in Rd xrefs
Flavor: r-devel-linux-x86_64-fedora-clang