CRAN Package Check Results for Package TapeR

Last updated on 2021-10-21 09:55:08 CEST.

Flavor Version Tinstall Tcheck Ttotal Status Flags
r-devel-linux-x86_64-debian-clang 0.3.3 2.99 35.18 38.17 NOTE
r-devel-linux-x86_64-debian-gcc 0.3.3 2.73 28.48 31.21 NOTE
r-devel-linux-x86_64-fedora-clang 0.3.3 60.14 NOTE
r-devel-linux-x86_64-fedora-gcc 0.3.3 49.05 NOTE
r-devel-windows-x86_64 0.3.3 5.00 59.00 64.00 OK
r-devel-windows-x86_64-gcc10-UCRT 0.3.3 OK
r-patched-linux-x86_64 0.3.3 2.95 34.31 37.26 NOTE
r-patched-solaris-x86 0.3.3 74.20 NOTE
r-release-linux-x86_64 0.3.3 3.59 34.48 38.07 NOTE
r-release-macos-arm64 0.3.3 OK
r-release-macos-x86_64 0.3.3 OK
r-release-windows-ix86+x86_64 0.3.3 5.00 62.00 67.00 OK
r-oldrel-macos-x86_64 0.3.3 OK
r-oldrel-windows-ix86+x86_64 0.3.3 8.00 63.00 71.00 OK

Check Details

Version: 0.3.3
Check: for non-standard things in the check directory
Result: NOTE
    Found the following files/directories:
     'spruce.taper.pars.rdata'
Flavors: r-devel-linux-x86_64-debian-clang, r-devel-linux-x86_64-debian-gcc, r-devel-linux-x86_64-fedora-clang, r-devel-linux-x86_64-fedora-gcc, r-patched-linux-x86_64, r-patched-solaris-x86, r-release-linux-x86_64