CRAN Package Check Results for Package TSMSN

Last updated on 2021-10-18 09:55:02 CEST.

Flavor Version Tinstall Tcheck Ttotal Status Flags
r-devel-linux-x86_64-debian-clang 0.0.1 2.87 28.50 31.37 NOTE
r-devel-linux-x86_64-debian-gcc 0.0.1 2.81 22.39 25.20 NOTE
r-devel-linux-x86_64-fedora-clang 0.0.1 48.04 NOTE
r-devel-linux-x86_64-fedora-gcc 0.0.1 37.57 NOTE
r-devel-windows-x86_64 0.0.1 6.00 44.00 50.00 NOTE
r-devel-windows-x86_64-gcc10-UCRT 0.0.1 NOTE
r-patched-linux-x86_64 0.0.1 3.22 28.98 32.20 NOTE
r-patched-solaris-x86 0.0.1 58.90 NOTE
r-release-linux-x86_64 0.0.1 3.43 27.85 31.28 NOTE
r-release-macos-arm64 0.0.1 NOTE
r-release-macos-x86_64 0.0.1 NOTE
r-release-windows-ix86+x86_64 0.0.1 6.00 47.00 53.00 NOTE
r-oldrel-macos-x86_64 0.0.1 OK
r-oldrel-windows-ix86+x86_64 0.0.1 7.00 129.00 136.00 OK

Check Details

Version: 0.0.1
Check: LazyData
Result: NOTE
     'LazyData' is specified without a 'data' directory
Flavors: r-devel-linux-x86_64-debian-clang, r-devel-linux-x86_64-debian-gcc, r-devel-linux-x86_64-fedora-clang, r-devel-linux-x86_64-fedora-gcc, r-devel-windows-x86_64, r-devel-windows-x86_64-gcc10-UCRT, r-patched-linux-x86_64, r-patched-solaris-x86, r-release-linux-x86_64, r-release-macos-arm64, r-release-macos-x86_64, r-release-windows-ix86+x86_64