Last updated on 2024-04-24 10:23:12 CEST.
Flavor | Version | Tinstall | Tcheck | Ttotal | Status | Flags |
---|---|---|---|---|---|---|
r-devel-linux-x86_64-debian-clang | 0.9 | 4.34 | 30.23 | 34.57 | NOTE | |
r-devel-linux-x86_64-debian-gcc | 0.9 | 2.69 | 22.34 | 25.03 | NOTE | |
r-devel-linux-x86_64-fedora-clang | 0.9 | 41.72 | NOTE | |||
r-devel-linux-x86_64-fedora-gcc | 0.9 | 38.56 | NOTE | |||
r-devel-windows-x86_64 | 0.9 | 6.00 | 150.00 | 156.00 | NOTE | |
r-patched-linux-x86_64 | 0.9 | 3.38 | 28.03 | 31.41 | NOTE | |
r-release-linux-x86_64 | 0.9 | 3.44 | 28.32 | 31.76 | NOTE | |
r-release-macos-arm64 | 0.9 | 20.00 | NOTE | |||
r-release-windows-x86_64 | 0.9 | 9.00 | 206.00 | 215.00 | NOTE | |
r-oldrel-macos-arm64 | 0.9 | 22.00 | NOTE | |||
r-oldrel-macos-x86_64 | 0.9 | 30.00 | NOTE | |||
r-oldrel-windows-x86_64 | 0.9 | 11.00 | 103.00 | 114.00 | NOTE |
Version: 0.9
Check: LazyData
Result: NOTE
'LazyData' is specified without a 'data' directory
Flavors: r-devel-linux-x86_64-debian-clang, r-devel-linux-x86_64-debian-gcc, r-devel-linux-x86_64-fedora-clang, r-devel-linux-x86_64-fedora-gcc, r-devel-windows-x86_64, r-patched-linux-x86_64, r-release-linux-x86_64, r-release-macos-arm64, r-release-windows-x86_64, r-oldrel-macos-arm64, r-oldrel-macos-x86_64, r-oldrel-windows-x86_64