CRAN Package Check Results for Package TSEntropies

Last updated on 2021-10-16 09:54:36 CEST.

Flavor Version Tinstall Tcheck Ttotal Status Flags
r-devel-linux-x86_64-debian-clang 0.9 3.70 28.77 32.47 NOTE
r-devel-linux-x86_64-debian-gcc 0.9 2.39 21.66 24.05 NOTE
r-devel-linux-x86_64-fedora-clang 0.9 48.95 NOTE
r-devel-linux-x86_64-fedora-gcc 0.9 37.26 NOTE
r-devel-windows-x86_64 0.9 6.00 92.00 98.00 NOTE
r-devel-windows-x86_64-gcc10-UCRT 0.9 NOTE
r-patched-linux-x86_64 0.9 3.05 28.18 31.23 NOTE
r-patched-solaris-x86 0.9 71.40 NOTE
r-release-linux-x86_64 0.9 2.79 27.85 30.64 NOTE
r-release-macos-arm64 0.9 NOTE
r-release-macos-x86_64 0.9 NOTE
r-release-windows-ix86+x86_64 0.9 11.00 57.00 68.00 NOTE
r-oldrel-macos-x86_64 0.9 OK
r-oldrel-windows-ix86+x86_64 0.9 9.00 57.00 66.00 OK

Check Details

Version: 0.9
Check: LazyData
Result: NOTE
     'LazyData' is specified without a 'data' directory
Flavors: r-devel-linux-x86_64-debian-clang, r-devel-linux-x86_64-debian-gcc, r-devel-linux-x86_64-fedora-clang, r-devel-linux-x86_64-fedora-gcc, r-devel-windows-x86_64, r-devel-windows-x86_64-gcc10-UCRT, r-patched-linux-x86_64, r-patched-solaris-x86, r-release-linux-x86_64, r-release-macos-arm64, r-release-macos-x86_64, r-release-windows-ix86+x86_64