CRAN Package Check Results for Package TSDFGS

Last updated on 2021-10-22 09:53:22 CEST.

Flavor Version Tinstall Tcheck Ttotal Status Flags
r-devel-linux-x86_64-debian-clang 1.0 30.54 30.84 61.38 OK
r-devel-linux-x86_64-debian-gcc 1.0 23.28 25.00 48.28 OK
r-devel-linux-x86_64-fedora-clang 1.0 100.18 NOTE
r-devel-linux-x86_64-fedora-gcc 1.0 80.97 OK
r-devel-windows-x86_64 1.0 41.00 60.00 101.00 OK
r-devel-windows-x86_64-gcc10-UCRT 1.0 OK
r-patched-linux-x86_64 1.0 28.28 31.07 59.35 OK
r-patched-solaris-x86 1.0 95.40 OK
r-release-linux-x86_64 1.0 27.17 30.96 58.13 OK
r-release-macos-arm64 1.0 NOTE
r-release-macos-x86_64 1.0 NOTE
r-release-windows-ix86+x86_64 1.0 55.00 75.00 130.00 OK
r-oldrel-macos-x86_64 1.0 NOTE
r-oldrel-windows-ix86+x86_64 1.0 78.00 82.00 160.00 OK

Check Details

Version: 1.0
Check: installed package size
Result: NOTE
     installed size is 8.5Mb
     sub-directories of 1Mb or more:
     data 1.2Mb
     libs 7.2Mb
Flavors: r-devel-linux-x86_64-fedora-clang, r-release-macos-arm64, r-release-macos-x86_64, r-oldrel-macos-x86_64

Version: 1.0
Check: Rd cross-references
Result: NOTE
    Undeclared package ‘STPGA’ in Rd xrefs
Flavor: r-devel-linux-x86_64-fedora-clang