Last updated on 2024-04-23 10:54:20 CEST.
Flavor | Version | Tinstall | Tcheck | Ttotal | Status | Flags |
---|---|---|---|---|---|---|
r-devel-linux-x86_64-debian-clang | 1.0.4 | 31.23 | 80.91 | 112.14 | OK | |
r-devel-linux-x86_64-debian-gcc | 1.0.4 | 25.64 | 66.56 | 92.20 | OK | |
r-devel-linux-x86_64-fedora-clang | 1.0.4 | 149.47 | OK | |||
r-devel-linux-x86_64-fedora-gcc | 1.0.4 | 157.61 | OK | |||
r-prerel-macos-arm64 | 1.0.4 | 69.00 | NOTE | |||
r-prerel-windows-x86_64 | 1.0.4 | 34.00 | 87.00 | 121.00 | OK | |
r-patched-linux-x86_64 | 1.0.4 | 28.62 | 82.62 | 111.24 | OK | |
r-release-linux-x86_64 | 1.0.4 | 23.48 | 81.69 | 105.17 | OK | |
r-release-macos-arm64 | 1.0.4 | 70.00 | NOTE | |||
r-release-macos-x86_64 | 1.0.4 | 101.00 | NOTE | |||
r-release-windows-x86_64 | 1.0.4 | 39.00 | 99.00 | 138.00 | OK | |
r-oldrel-macos-arm64 | 1.0.4 | 63.00 | NOTE | |||
r-oldrel-windows-x86_64 | 1.0.4 | 39.00 | 232.00 | 271.00 | OK |
Version: 1.0.4
Check: installed package size
Result: NOTE
installed size is 5.3Mb
sub-directories of 1Mb or more:
data 5.1Mb
Flavors: r-prerel-macos-arm64, r-release-macos-arm64, r-release-macos-x86_64, r-oldrel-macos-arm64