CRAN Package Check Results for Package TNC

Last updated on 2021-10-22 09:53:22 CEST.

Flavor Version Tinstall Tcheck Ttotal Status Flags
r-devel-linux-x86_64-debian-clang 0.1.0 2.40 23.99 26.39 NOTE
r-devel-linux-x86_64-debian-gcc 0.1.0 1.92 18.92 20.84 NOTE
r-devel-linux-x86_64-fedora-clang 0.1.0 45.08 NOTE
r-devel-linux-x86_64-fedora-gcc 0.1.0 32.91 NOTE
r-devel-windows-x86_64 0.1.0 5.00 164.00 169.00 NOTE
r-devel-windows-x86_64-gcc10-UCRT 0.1.0 ERROR
r-patched-linux-x86_64 0.1.0 2.38 23.44 25.82 NOTE
r-patched-solaris-x86 0.1.0 53.50 NOTE
r-release-linux-x86_64 0.1.0 2.30 23.60 25.90 NOTE
r-release-macos-arm64 0.1.0 NOTE
r-release-macos-x86_64 0.1.0 NOTE
r-release-windows-ix86+x86_64 0.1.0 5.00 154.00 159.00 NOTE
r-oldrel-macos-x86_64 0.1.0 OK
r-oldrel-windows-ix86+x86_64 0.1.0 5.00 48.00 53.00 OK

Check Details

Version: 0.1.0
Check: LazyData
Result: NOTE
     'LazyData' is specified without a 'data' directory
Flavors: r-devel-linux-x86_64-debian-clang, r-devel-linux-x86_64-debian-gcc, r-devel-linux-x86_64-fedora-clang, r-devel-linux-x86_64-fedora-gcc, r-devel-windows-x86_64, r-devel-windows-x86_64-gcc10-UCRT, r-patched-linux-x86_64, r-patched-solaris-x86, r-release-linux-x86_64, r-release-macos-arm64, r-release-macos-x86_64, r-release-windows-ix86+x86_64

Version: 0.1.0
Check: package dependencies
Result: NOTE
    Package suggested but not available for checking: 'igraph'
Flavor: r-devel-windows-x86_64-gcc10-UCRT

Version: 0.1.0
Check: examples
Result: ERROR
    Running examples in 'TNC-Ex.R' failed
    The error most likely occurred in:
    
    > ### Name: tbc
    > ### Title: Temporal betweenness centrality
    > ### Aliases: tbc
    >
    > ### ** Examples
    >
    > # Create a list of adjacency matrices, plot the corresponding graphs
    > # (using the igraph package) and calculate tbc
    >
    > A1 <- matrix(c(0,1,0,0,0,0,
    + 1,0,1,0,0,0,
    + 0,1,0,0,0,0,
    + 0,0,0,0,0,0,
    + 0,0,0,0,0,0,
    + 0,0,0,0,0,0), ncol=6)
    >
    > A2 <- matrix(c(0,0,0,0,0,0,
    + 0,0,1,0,0,0,
    + 0,1,0,1,1,0,
    + 0,0,1,0,0,0,
    + 0,0,1,0,0,0,
    + 0,0,0,0,0,0), ncol=6)
    >
    > A3 <- matrix(c(0,0,0,0,0,0,
    + 0,0,0,0,0,0,
    + 0,0,0,0,0,0,
    + 0,0,0,0,0,0,
    + 0,0,0,0,0,0,
    + 0,0,0,0,0,0), ncol=6)
    >
    > A4 <- matrix(c(0,1,0,0,0,0,
    + 1,0,0,1,0,0,
    + 0,0,0,0,0,0,
    + 0,1,0,0,0,0,
    + 0,0,0,0,0,0,
    + 0,0,0,0,0,0), ncol=6)
    >
    > library(igraph)
    Error in library(igraph) : there is no package called 'igraph'
    Execution halted
Flavor: r-devel-windows-x86_64-gcc10-UCRT