CRAN Package Check Results for Package TMB

Last updated on 2021-09-19 09:50:48 CEST.

Flavor Version Tinstall Tcheck Ttotal Status Flags
r-devel-linux-x86_64-debian-clang 1.7.21 74.49 78.21 152.70 OK
r-devel-linux-x86_64-debian-gcc 1.7.21 54.43 61.25 115.68 OK
r-devel-linux-x86_64-fedora-clang 1.7.21 215.11 NOTE
r-devel-linux-x86_64-fedora-gcc 1.7.21 193.88 OK
r-devel-windows-x86_64 1.7.21 61.00 91.00 152.00 NOTE
r-devel-windows-x86_64-gcc10-UCRT 1.7.21 ERROR
r-patched-linux-x86_64 1.7.21 66.16 77.04 143.20 OK
r-patched-solaris-x86 1.7.21 194.30 OK
r-release-linux-x86_64 1.7.21 61.55 76.86 138.41 OK
r-release-macos-arm64 1.7.21 NOTE
r-release-macos-x86_64 1.7.21 NOTE
r-release-windows-ix86+x86_64 1.7.21 153.00 119.00 272.00 NOTE
r-oldrel-macos-x86_64 1.7.21 NOTE
r-oldrel-windows-ix86+x86_64 1.7.21 167.00 127.00 294.00 NOTE

Check Details

Version: 1.7.21
Check: installed package size
Result: NOTE
     installed size is 16.0Mb
     sub-directories of 1Mb or more:
     examples 12.5Mb
     include 3.0Mb
Flavors: r-devel-linux-x86_64-fedora-clang, r-devel-windows-x86_64, r-release-macos-arm64, r-release-macos-x86_64, r-release-windows-ix86+x86_64, r-oldrel-macos-x86_64, r-oldrel-windows-ix86+x86_64

Version: 1.7.21
Check: whether package can be installed
Result: ERROR
    Installation failed.
Flavor: r-devel-windows-x86_64-gcc10-UCRT