CRAN Package Check Results for Package TEAM

Last updated on 2021-08-01 09:50:45 CEST.

Flavor Version Tinstall Tcheck Ttotal Status Flags
r-devel-linux-x86_64-debian-clang 0.1.0 9.35 88.41 97.76 NOTE
r-devel-linux-x86_64-debian-gcc 0.1.0 7.50 67.76 75.26 NOTE
r-devel-linux-x86_64-fedora-clang 0.1.0 126.08 NOTE
r-devel-linux-x86_64-fedora-gcc 0.1.0 112.60 NOTE
r-devel-windows-x86_64 0.1.0 9.00 106.00 115.00 NOTE
r-devel-windows-x86_64-gcc10-UCRT 0.1.0 NOTE
r-patched-linux-x86_64 0.1.0 NOTE
r-patched-solaris-x86 0.1.0 171.50 NOTE
r-release-linux-x86_64 0.1.0 8.94 82.94 91.88 NOTE
r-release-macos-arm64 0.1.0 NOTE
r-release-macos-x86_64 0.1.0 NOTE
r-release-windows-ix86+x86_64 0.1.0 23.00 75.00 98.00 NOTE
r-oldrel-macos-x86_64 0.1.0 OK
r-oldrel-windows-ix86+x86_64 0.1.0 16.00 111.00 127.00 OK

Check Details

Version: 0.1.0
Check: LazyData
Result: NOTE
     'LazyData' is specified without a 'data' directory
Flavors: r-devel-linux-x86_64-debian-clang, r-devel-linux-x86_64-debian-gcc, r-devel-linux-x86_64-fedora-clang, r-devel-linux-x86_64-fedora-gcc, r-devel-windows-x86_64, r-devel-windows-x86_64-gcc10-UCRT, r-patched-linux-x86_64, r-patched-solaris-x86, r-release-linux-x86_64, r-release-macos-arm64, r-release-macos-x86_64, r-release-windows-ix86+x86_64