Last updated on 2024-04-22 10:56:40 CEST.
Flavor | Version | Tinstall | Tcheck | Ttotal | Status | Flags |
---|---|---|---|---|---|---|
r-devel-linux-x86_64-debian-clang | 0.4.1 | 24.86 | 83.85 | 108.71 | NOTE | |
r-devel-linux-x86_64-debian-gcc | 0.4.1 | 18.31 | 66.30 | 84.61 | NOTE | |
r-devel-linux-x86_64-fedora-clang | 0.4.1 | 147.35 | NOTE | |||
r-devel-linux-x86_64-fedora-gcc | 0.4.1 | 158.90 | NOTE | |||
r-prerel-macos-arm64 | 0.4.1 | 52.00 | NOTE | |||
r-prerel-windows-x86_64 | 0.4.1 | 22.00 | 99.00 | 121.00 | NOTE | |
r-patched-linux-x86_64 | 0.4.1 | 29.44 | 81.89 | 111.33 | NOTE | |
r-release-linux-x86_64 | 0.4.1 | 22.89 | 78.88 | 101.77 | NOTE | |
r-release-macos-arm64 | 0.4.1 | 56.00 | NOTE | |||
r-release-macos-x86_64 | 0.4.1 | 79.00 | NOTE | |||
r-release-windows-x86_64 | 0.4.1 | 28.00 | 119.00 | 147.00 | NOTE | |
r-oldrel-macos-arm64 | 0.4.1 | 42.00 | OK | |||
r-oldrel-windows-x86_64 | 0.4.1 | 29.00 | 162.00 | 191.00 | OK |
Version: 0.4.1
Check: C++ specification
Result: NOTE
Specified C++11: please drop specification unless essential
Flavors: r-devel-linux-x86_64-debian-clang, r-devel-linux-x86_64-debian-gcc, r-devel-linux-x86_64-fedora-clang, r-devel-linux-x86_64-fedora-gcc, r-prerel-macos-arm64, r-prerel-windows-x86_64, r-patched-linux-x86_64, r-release-linux-x86_64, r-release-macos-arm64, r-release-macos-x86_64, r-release-windows-x86_64