CRAN Package Check Results for Package TCIU

Last updated on 2021-07-29 10:53:21 CEST.

Flavor Version Tinstall Tcheck Ttotal Status Flags
r-devel-linux-x86_64-debian-clang 1.2.0 OK
r-devel-linux-x86_64-debian-gcc 1.2.0 25.69 329.82 355.51 OK
r-devel-linux-x86_64-fedora-clang 1.2.0 607.92 NOTE
r-devel-linux-x86_64-fedora-gcc 1.2.0 586.84 OK
r-devel-windows-x86_64 1.2.0 70.00 487.00 557.00 NOTE
r-devel-windows-x86_64-gcc10-UCRT 1.2.0 OK
r-patched-linux-x86_64 1.2.0 29.24 427.63 456.87 OK
r-patched-solaris-x86 1.2.0 535.90 WARN
r-release-linux-x86_64 1.2.0 30.99 434.51 465.50 OK
r-release-macos-arm64 1.2.0 WARN
r-release-macos-x86_64 1.2.0 WARN
r-release-windows-ix86+x86_64 1.2.0 67.00 591.00 658.00 NOTE
r-oldrel-macos-x86_64 1.2.0 WARN
r-oldrel-windows-ix86+x86_64 1.2.0 69.00 636.00 705.00 NOTE

Check Details

Version: 1.2.0
Check: package dependencies
Result: NOTE
    Imports includes 26 non-default packages.
    Importing from so many packages makes the package vulnerable to any of
    them becoming unavailable. Move as many as possible to Suggests and
    use conditionally.
Flavor: r-devel-linux-x86_64-fedora-clang

Version: 1.2.0
Check: installed package size
Result: NOTE
     installed size is 12.4Mb
     sub-directories of 1Mb or more:
     doc 11.2Mb
Flavors: r-devel-linux-x86_64-fedora-clang, r-devel-windows-x86_64, r-patched-solaris-x86, r-release-macos-arm64, r-release-macos-x86_64, r-release-windows-ix86+x86_64, r-oldrel-macos-x86_64, r-oldrel-windows-ix86+x86_64

Version: 1.2.0
Check: re-building of vignette outputs
Result: WARN
    Error(s) in re-building vignettes:
     ...
    --- re-building ‘tciu-LT-kimesurface.Rmd’ using rmarkdown
    Warning in engine$weave(file, quiet = quiet, encoding = enc) :
     Pandoc (>= 1.12.3) not available. Falling back to R Markdown v1.
    Loading required package: TCIU
    Loading required package: doParallel
    Loading required package: foreach
    Loading required package: iterators
    Loading required package: parallel
    Loading required package: cubature
    Loading required package: oro.nifti
    oro.nifti 0.11.0
    Loading required package: magrittr
    Loading required package: plotly
    Loading required package: ggplot2
    
    Attaching package: 'plotly'
    
    The following object is masked from 'package:ggplot2':
    
     last_plot
    
    The following object is masked from 'package:oro.nifti':
    
     slice
    
    The following object is masked from 'package:stats':
    
     filter
    
    The following object is masked from 'package:graphics':
    
     layout
    
    PhantomJS not found. You can install it with webshot::install_phantomjs(). If it is installed, please make sure the phantomjs executable can be found via the PATH variable.
    PhantomJS not found. You can install it with webshot::install_phantomjs(). If it is installed, please make sure the phantomjs executable can be found via the PATH variable.
    Quitting from lines 105-106 (tciu-LT-kimesurface.Rmd)
    Error: processing vignette 'tciu-LT-kimesurface.Rmd' failed with diagnostics:
    invalid 'path' argument
    --- failed re-building ‘tciu-LT-kimesurface.Rmd’
    
    --- re-building ‘tciu-fMRI-analytics.Rmd’ using rmarkdown
    Warning in engine$weave(file, quiet = quiet, encoding = enc) :
     Pandoc (>= 1.12.3) not available. Falling back to R Markdown v1.
    Loading required package: TCIU
    Loading required package: DT
    Loading required package: AnalyzeFMRI
    Loading required package: R.matlab
    R.matlab v3.6.2 (2018-09-26) successfully loaded. See ?R.matlab for help.
    
    Attaching package: 'R.matlab'
    
    The following objects are masked from 'package:base':
    
     getOption, isOpen
    
    Loading required package: fastICA
    Loading required package: tcltk
    PhantomJS not found. You can install it with webshot::install_phantomjs(). If it is installed, please make sure the phantomjs executable can be found via the PATH variable.
    PhantomJS not found. You can install it with webshot::install_phantomjs(). If it is installed, please make sure the phantomjs executable can be found via the PATH variable.
    Quitting from lines 133-134 (tciu-fMRI-analytics.Rmd)
    Error: processing vignette 'tciu-fMRI-analytics.Rmd' failed with diagnostics:
    invalid 'path' argument
    --- failed re-building ‘tciu-fMRI-analytics.Rmd’
    
    SUMMARY: processing the following files failed:
     ‘tciu-LT-kimesurface.Rmd’ ‘tciu-fMRI-analytics.Rmd’
    
    Error: Vignette re-building failed.
    Execution halted
Flavor: r-patched-solaris-x86

Version: 1.2.0
Check: re-building of vignette outputs
Result: WARN
    Error(s) in re-building vignettes:
    --- re-building ‘tciu-LT-kimesurface.Rmd’ using rmarkdown
    Warning in engine$weave(file, quiet = quiet, encoding = enc) :
     Pandoc (>= 1.12.3) not available. Falling back to R Markdown v1.
    Loading required package: TCIU
    Loading required package: doParallel
    Loading required package: foreach
    Loading required package: iterators
    Loading required package: parallel
    Loading required package: cubature
    Loading required package: oro.nifti
    oro.nifti 0.11.0
    Loading required package: magrittr
    Loading required package: plotly
    Loading required package: ggplot2
    
    Attaching package: 'plotly'
    
    The following object is masked from 'package:ggplot2':
    
     last_plot
    
    The following object is masked from 'package:oro.nifti':
    
     slice
    
    The following object is masked from 'package:stats':
    
     filter
    
    The following object is masked from 'package:graphics':
    
     layout
    
    Warning in grid.Call(C_stringMetric, as.graphicsAnnot(x$label)) :
     no font could be found for family "Arial"
    Warning in grid.Call(C_stringMetric, as.graphicsAnnot(x$label)) :
     no font could be found for family "Arial"
    Warning in grid.Call(C_stringMetric, as.graphicsAnnot(x$label)) :
     no font could be found for family "Arial"
    Warning in grid.Call(C_stringMetric, as.graphicsAnnot(x$label)) :
     no font could be found for family "Arial"
    Warning in grid.Call(C_stringMetric, as.graphicsAnnot(x$label)) :
     no font could be found for family "Arial"
    Warning in grid.Call(C_stringMetric, as.graphicsAnnot(x$label)) :
     no font could be found for family "Arial"
    Warning in grid.Call(C_stringMetric, as.graphicsAnnot(x$label)) :
     no font could be found for family "Arial"
    Warning in grid.Call(C_stringMetric, as.graphicsAnnot(x$label)) :
     no font could be found for family "Arial"
    Warning in grid.Call(C_stringMetric, as.graphicsAnnot(x$label)) :
     no font could be found for family "Arial"
    Warning in grid.Call(C_stringMetric, as.graphicsAnnot(x$label)) :
     no font could be found for family "Arial"
    Warning in grid.Call(C_stringMetric, as.graphicsAnnot(x$label)) :
     no font could be found for family "Arial"
    Warning in grid.Call(C_stringMetric, as.graphicsAnnot(x$label)) :
     no font could be found for family "Arial"
    Warning in grid.Call(C_stringMetric, as.graphicsAnnot(x$label)) :
     no font could be found for family "Arial"
    Warning in grid.Call(C_stringMetric, as.graphicsAnnot(x$label)) :
     no font could be found for family "Arial"
    Warning in grid.Call(C_stringMetric, as.graphicsAnnot(x$label)) :
     no font could be found for family "Arial"
    Warning in grid.Call(C_stringMetric, as.graphicsAnnot(x$label)) :
     no font could be found for family "Arial"
    Warning in grid.Call(C_stringMetric, as.graphicsAnnot(x$label)) :
     no font could be found for family "Arial"
    Warning in grid.Call(C_stringMetric, as.graphicsAnnot(x$label)) :
     no font could be found for family "Arial"
    Warning in grid.Call(C_stringMetric, as.graphicsAnnot(x$label)) :
     no font could be found for family "Arial"
    Warning in grid.Call(C_stringMetric, as.graphicsAnnot(x$label)) :
     no font could be found for family "Arial"
    Warning in grid.Call(C_stringMetric, as.graphicsAnnot(x$label)) :
     no font could be found for family "Arial"
    Warning in grid.Call(C_stringMetric, as.graphicsAnnot(x$label)) :
     no font could be found for family "Arial"
    Warning in grid.Call(C_stringMetric, as.graphicsAnnot(x$label)) :
     no font could be found for family "Arial"
    Warning in grid.Call(C_stringMetric, as.graphicsAnnot(x$label)) :
     no font could be found for family "Arial"
    Warning in grid.Call(C_stringMetric, as.graphicsAnnot(x$label)) :
     no font could be found for family "Arial"
    Warning in grid.Call(C_stringMetric, as.graphicsAnnot(x$label)) :
     no font could be found for family "Arial"
    Warning in grid.Call(C_stringMetric, as.graphicsAnnot(x$label)) :
     no font could be found for family "Arial"
    Warning in grid.Call(C_stringMetric, as.graphicsAnnot(x$label)) :
     no font could be found for family "Arial"
    Warning in grid.Call(C_stringMetric, as.graphicsAnnot(x$label)) :
     no font could be found for family "Arial"
    Warning in grid.Call(C_stringMetric, as.graphicsAnnot(x$label)) :
     no font could be found for family "Arial"
    Warning in grid.Call(C_stringMetric, as.graphicsAnnot(x$label)) :
     no font could be found for family "Arial"
    Warning in grid.Call(C_stringMetric, as.graphicsAnnot(x$label)) :
     no font could be found for family "Arial"
    Warning in grid.Call(C_stringMetric, as.graphicsAnnot(x$label)) :
     no font could be found for family "Arial"
    Warning in grid.Call(C_stringMetric, as.graphicsAnnot(x$label)) :
     no font could be found for family "Arial"
    Warning in grid.Call(C_stringMetric, as.graphicsAnnot(x$label)) :
     no font could be found for family "Arial"
    Warning in grid.Call(C_stringMetric, as.graphicsAnnot(x$label)) :
     no font could be found for family "Arial"
    Warning in grid.Call(C_stringMetric, as.graphicsAnnot(x$label)) :
     no font could be found for family "Arial"
    Warning in grid.Call(C_stringMetric, as.graphicsAnnot(x$label)) :
     no font could be found for family "Arial"
    Warning in grid.Call(C_stringMetric, as.graphicsAnnot(x$label)) :
     no font could be found for family "Arial"
    Warning in grid.Call(C_stringMetric, as.graphicsAnnot(x$label)) :
     no font could be found for family "Arial"
    Warning in grid.Call(C_stringMetric, as.graphicsAnnot(x$label)) :
     no font could be found for family "Arial"
    Warning in grid.Call(C_stringMetric, as.graphicsAnnot(x$label)) :
     no font could be found for family "Arial"
    Warning in grid.Call(C_textBounds, as.graphicsAnnot(x$label), x$x, x$y, :
     no font could be found for family "Arial"
    Warning in grid.Call(C_textBounds, as.graphicsAnnot(x$label), x$x, x$y, :
     no font could be found for family "Arial"
    Quitting from lines 159-160 (tciu-LT-kimesurface.Rmd)
    Error: processing vignette 'tciu-LT-kimesurface.Rmd' failed with diagnostics:
    polygon edge not found
    --- failed re-building ‘tciu-LT-kimesurface.Rmd’
    
    --- re-building ‘tciu-fMRI-analytics.Rmd’ using rmarkdown
    Warning in engine$weave(file, quiet = quiet, encoding = enc) :
     Pandoc (>= 1.12.3) not available. Falling back to R Markdown v1.
    Loading required package: TCIU
    Loading required package: DT
    Loading required package: AnalyzeFMRI
    Loading required package: R.matlab
    R.matlab v3.6.2 (2018-09-26) successfully loaded. See ?R.matlab for help.
    
    Attaching package: 'R.matlab'
    
    The following objects are masked from 'package:base':
    
     getOption, isOpen
    
    Loading required package: fastICA
    Loading required package: tcltk
    Warning: 'contour' objects don't have these attributes: 'yintercept'
    Valid attributes include:
    'type', 'visible', 'showlegend', 'legendgroup', 'opacity', 'name', 'uid', 'ids', 'customdata', 'meta', 'hoverinfo', 'hoverlabel', 'stream', 'transforms', 'uirevision', 'z', 'x', 'x0', 'dx', 'y', 'y0', 'dy', 'xperiod', 'yperiod', 'xperiod0', 'yperiod0', 'xperiodalignment', 'yperiodalignment', 'text', 'hovertext', 'transpose', 'xtype', 'ytype', 'zhoverformat', 'hovertemplate', 'hoverongaps', 'connectgaps', 'fillcolor', 'autocontour', 'ncontours', 'contours', 'line', 'zauto', 'zmin', 'zmax', 'zmid', 'colorscale', 'autocolorscale', 'reversescale', 'showscale', 'colorbar', 'coloraxis', 'xcalendar', 'ycalendar', 'xaxis', 'yaxis', 'idssrc', 'customdatasrc', 'metasrc', 'hoverinfosrc', 'zsrc', 'xsrc', 'ysrc', 'textsrc', 'hovertextsrc', 'hovertemplatesrc', 'key', 'set', 'frame', 'transforms', '_isNestedKey', '_isSimpleKey', '_isGraticule', '_bbox'
    
    Warning: 'contour' objects don't have these attributes: 'yintercept'
    Valid attributes include:
    'type', 'visible', 'showlegend', 'legendgroup', 'opacity', 'name', 'uid', 'ids', 'customdata', 'meta', 'hoverinfo', 'hoverlabel', 'stream', 'transforms', 'uirevision', 'z', 'x', 'x0', 'dx', 'y', 'y0', 'dy', 'xperiod', 'yperiod', 'xperiod0', 'yperiod0', 'xperiodalignment', 'yperiodalignment', 'text', 'hovertext', 'transpose', 'xtype', 'ytype', 'zhoverformat', 'hovertemplate', 'hoverongaps', 'connectgaps', 'fillcolor', 'autocontour', 'ncontours', 'contours', 'line', 'zauto', 'zmin', 'zmax', 'zmid', 'colorscale', 'autocolorscale', 'reversescale', 'showscale', 'colorbar', 'coloraxis', 'xcalendar', 'ycalendar', 'xaxis', 'yaxis', 'idssrc', 'customdatasrc', 'metasrc', 'hoverinfosrc', 'zsrc', 'xsrc', 'ysrc', 'textsrc', 'hovertextsrc', 'hovertemplatesrc', 'key', 'set', 'frame', 'transforms', '_isNestedKey', '_isSimpleKey', '_isGraticule', '_bbox'
    
    Warning: 'contour' objects don't have these attributes: 'yintercept'
    Valid attributes include:
    'type', 'visible', 'showlegend', 'legendgroup', 'opacity', 'name', 'uid', 'ids', 'customdata', 'meta', 'hoverinfo', 'hoverlabel', 'stream', 'transforms', 'uirevision', 'z', 'x', 'x0', 'dx', 'y', 'y0', 'dy', 'xperiod', 'yperiod', 'xperiod0', 'yperiod0', 'xperiodalignment', 'yperiodalignment', 'text', 'hovertext', 'transpose', 'xtype', 'ytype', 'zhoverformat', 'hovertemplate', 'hoverongaps', 'connectgaps', 'fillcolor', 'autocontour', 'ncontours', 'contours', 'line', 'zauto', 'zmin', 'zmax', 'zmid', 'colorscale', 'autocolorscale', 'reversescale', 'showscale', 'colorbar', 'coloraxis', 'xcalendar', 'ycalendar', 'xaxis', 'yaxis', 'idssrc', 'customdatasrc', 'metasrc', 'hoverinfosrc', 'zsrc', 'xsrc', 'ysrc', 'textsrc', 'hovertextsrc', 'hovertemplatesrc', 'key', 'set', 'frame', 'transforms', '_isNestedKey', '_isSimpleKey', '_isGraticule', '_bbox'
    
    Warning: Can only have one: config
    Warning: 'contour' objects don't have these attributes: 'yintercept'
    Valid attributes include:
    'type', 'visible', 'showlegend', 'legendgroup', 'opacity', 'name', 'uid', 'ids', 'customdata', 'meta', 'hoverinfo', 'hoverlabel', 'stream', 'transforms', 'uirevision', 'z', 'x', 'x0', 'dx', 'y', 'y0', 'dy', 'xperiod', 'yperiod', 'xperiod0', 'yperiod0', 'xperiodalignment', 'yperiodalignment', 'text', 'hovertext', 'transpose', 'xtype', 'ytype', 'zhoverformat', 'hovertemplate', 'hoverongaps', 'connectgaps', 'fillcolor', 'autocontour', 'ncontours', 'contours', 'line', 'zauto', 'zmin', 'zmax', 'zmid', 'colorscale', 'autocolorscale', 'reversescale', 'showscale', 'colorbar', 'coloraxis', 'xcalendar', 'ycalendar', 'xaxis', 'yaxis', 'idssrc', 'customdatasrc', 'metasrc', 'hoverinfosrc', 'zsrc', 'xsrc', 'ysrc', 'textsrc', 'hovertextsrc', 'hovertemplatesrc', 'key', 'set', 'frame', 'transforms', '_isNestedKey', '_isSimpleKey', '_isGraticule', '_bbox'
    
    Warning: 'contour' objects don't have these attributes: 'yintercept'
    Valid attributes include:
    'type', 'visible', 'showlegend', 'legendgroup', 'opacity', 'name', 'uid', 'ids', 'customdata', 'meta', 'hoverinfo', 'hoverlabel', 'stream', 'transforms', 'uirevision', 'z', 'x', 'x0', 'dx', 'y', 'y0', 'dy', 'xperiod', 'yperiod', 'xperiod0', 'yperiod0', 'xperiodalignment', 'yperiodalignment', 'text', 'hovertext', 'transpose', 'xtype', 'ytype', 'zhoverformat', 'hovertemplate', 'hoverongaps', 'connectgaps', 'fillcolor', 'autocontour', 'ncontours', 'contours', 'line', 'zauto', 'zmin', 'zmax', 'zmid', 'colorscale', 'autocolorscale', 'reversescale', 'showscale', 'colorbar', 'coloraxis', 'xcalendar', 'ycalendar', 'xaxis', 'yaxis', 'idssrc', 'customdatasrc', 'metasrc', 'hoverinfosrc', 'zsrc', 'xsrc', 'ysrc', 'textsrc', 'hovertextsrc', 'hovertemplatesrc', 'key', 'set', 'frame', 'transforms', '_isNestedKey', '_isSimpleKey', '_isGraticule', '_bbox'
    
    Warning: 'contour' objects don't have these attributes: 'yintercept'
    Valid attributes include:
    'type', 'visible', 'showlegend', 'legendgroup', 'opacity', 'name', 'uid', 'ids', 'customdata', 'meta', 'hoverinfo', 'hoverlabel', 'stream', 'transforms', 'uirevision', 'z', 'x', 'x0', 'dx', 'y', 'y0', 'dy', 'xperiod', 'yperiod', 'xperiod0', 'yperiod0', 'xperiodalignment', 'yperiodalignment', 'text', 'hovertext', 'transpose', 'xtype', 'ytype', 'zhoverformat', 'hovertemplate', 'hoverongaps', 'connectgaps', 'fillcolor', 'autocontour', 'ncontours', 'contours', 'line', 'zauto', 'zmin', 'zmax', 'zmid', 'colorscale', 'autocolorscale', 'reversescale', 'showscale', 'colorbar', 'coloraxis', 'xcalendar', 'ycalendar', 'xaxis', 'yaxis', 'idssrc', 'customdatasrc', 'metasrc', 'hoverinfosrc', 'zsrc', 'xsrc', 'ysrc', 'textsrc', 'hovertextsrc', 'hovertemplatesrc', 'key', 'set', 'frame', 'transforms', '_isNestedKey', '_isSimpleKey', '_isGraticule', '_bbox'
    
    Warning in grid.Call(C_stringMetric, as.graphicsAnnot(x$label)) :
     no font could be found for family "Arial"
    Warning in grid.Call(C_stringMetric, as.graphicsAnnot(x$label)) :
     no font could be found for family "Arial"
    Warning in grid.Call(C_stringMetric, as.graphicsAnnot(x$label)) :
     no font could be found for family "Arial"
    Warning in grid.Call(C_stringMetric, as.graphicsAnnot(x$label)) :
     no font could be found for family "Arial"
    Warning in grid.Call(C_stringMetric, as.graphicsAnnot(x$label)) :
     no font could be found for family "Arial"
    Warning in grid.Call(C_stringMetric, as.graphicsAnnot(x$label)) :
     no font could be found for family "Arial"
    Warning in grid.Call(C_stringMetric, as.graphicsAnnot(x$label)) :
     no font could be found for family "Arial"
    Warning in grid.Call(C_stringMetric, as.graphicsAnnot(x$label)) :
     no font could be found for family "Arial"
    Warning in grid.Call(C_stringMetric, as.graphicsAnnot(x$label)) :
     no font could be found for family "Arial"
    Warning in grid.Call(C_stringMetric, as.graphicsAnnot(x$label)) :
     no font could be found for family "Arial"
    Warning in grid.Call(C_stringMetric, as.graphicsAnnot(x$label)) :
     no font could be found for family "Arial"
    Warning in grid.Call(C_stringMetric, as.graphicsAnnot(x$label)) :
     no font could be found for family "Arial"
    Warning in grid.Call(C_stringMetric, as.graphicsAnnot(x$label)) :
     no font could be found for family "Arial"
    Warning in grid.Call(C_stringMetric, as.graphicsAnnot(x$label)) :
     no font could be found for family "Arial"
    Warning in grid.Call(C_stringMetric, as.graphicsAnnot(x$label)) :
     no font could be found for family "Arial"
    Warning in grid.Call(C_stringMetric, as.graphicsAnnot(x$label)) :
     no font could be found for family "Arial"
    Warning in grid.Call(C_stringMetric, as.graphicsAnnot(x$label)) :
     no font could be found for family "Arial"
    Warning in grid.Call(C_stringMetric, as.graphicsAnnot(x$label)) :
     no font could be found for family "Arial"
    Warning in grid.Call(C_stringMetric, as.graphicsAnnot(x$label)) :
     no font could be found for family "Arial"
    Warning in grid.Call(C_stringMetric, as.graphicsAnnot(x$label)) :
     no font could be found for family "Arial"
    Warning in grid.Call(C_stringMetric, as.graphicsAnnot(x$label)) :
     no font could be found for family "Arial"
    Warning in grid.Call(C_stringMetric, as.graphicsAnnot(x$label)) :
     no font could be found for family "Arial"
    Warning in grid.Call(C_stringMetric, as.graphicsAnnot(x$label)) :
     no font could be found for family "Arial"
    Warning in grid.Call(C_stringMetric, as.graphicsAnnot(x$label)) :
     no font could be found for family "Arial"
    Warning in grid.Call(C_stringMetric, as.graphicsAnnot(x$label)) :
     no font could be found for family "Arial"
    Warning in grid.Call(C_stringMetric, as.graphicsAnnot(x$label)) :
     no font could be found for family "Arial"
    Warning in grid.Call(C_stringMetric, as.graphicsAnnot(x$label)) :
     no font could be found for family "Arial"
    Warning in grid.Call(C_stringMetric, as.graphicsAnnot(x$label)) :
     no font could be found for family "Arial"
    Warning in grid.Call(C_stringMetric, as.graphicsAnnot(x$label)) :
     no font could be found for family "Arial"
    Warning in grid.Call(C_stringMetric, as.graphicsAnnot(x$label)) :
     no font could be found for family "Arial"
    Warning in grid.Call(C_stringMetric, as.graphicsAnnot(x$label)) :
     no font could be found for family "Arial"
    Warning in grid.Call(C_stringMetric, as.graphicsAnnot(x$label)) :
     no font could be found for family "Arial"
    Warning in grid.Call(C_stringMetric, as.graphicsAnnot(x$label)) :
     no font could be found for family "Arial"
    Warning in grid.Call(C_stringMetric, as.graphicsAnnot(x$label)) :
     no font could be found for family "Arial"
    Warning in grid.Call(C_stringMetric, as.graphicsAnnot(x$label)) :
     no font could be found for family "Arial"
    Warning in grid.Call(C_stringMetric, as.graphicsAnnot(x$label)) :
     no font could be found for family "Arial"
    Warning in grid.Call(C_stringMetric, as.graphicsAnnot(x$label)) :
     no font could be found for family "Arial"
    Warning in grid.Call(C_stringMetric, as.graphicsAnnot(x$label)) :
     no font could be found for family "Arial"
    Warning in grid.Call(C_stringMetric, as.graphicsAnnot(x$label)) :
     no font could be found for family "Arial"
    Warning in grid.Call(C_stringMetric, as.graphicsAnnot(x$label)) :
     no font could be found for family "Arial"
    Warning in grid.Call(C_stringMetric, as.graphicsAnnot(x$label)) :
     no font could be found for family "Arial"
    Warning in grid.Call(C_stringMetric, as.graphicsAnnot(x$label)) :
     no font could be found for family "Arial"
    Warning in grid.Call(C_textBounds, as.graphicsAnnot(x$label), x$x, x$y, :
     no font could be found for family "Arial"
    Warning in grid.Call(C_textBounds, as.graphicsAnnot(x$label), x$x, x$y, :
     no font could be found for family "Arial"
    Quitting from lines 293-300 (tciu-fMRI-analytics.Rmd)
    Error: processing vignette 'tciu-fMRI-analytics.Rmd' failed with diagnostics:
    polygon edge not found
    --- failed re-building ‘tciu-fMRI-analytics.Rmd’
    
    SUMMARY: processing the following files failed:
     ‘tciu-LT-kimesurface.Rmd’ ‘tciu-fMRI-analytics.Rmd’
    
    Error: Vignette re-building failed.
    Execution halted
Flavor: r-release-macos-arm64

Version: 1.2.0
Check: re-building of vignette outputs
Result: WARN
    Error(s) in re-building vignettes:
    --- re-building ‘tciu-LT-kimesurface.Rmd’ using rmarkdown
    Warning in engine$weave(file, quiet = quiet, encoding = enc) :
     Pandoc (>= 1.12.3) not available. Falling back to R Markdown v1.
    Loading required package: TCIU
    Loading required package: doParallel
    Loading required package: foreach
    Loading required package: iterators
    Loading required package: parallel
    Loading required package: cubature
    Loading required package: oro.nifti
    oro.nifti 0.11.0
    Loading required package: magrittr
    Loading required package: plotly
    Loading required package: ggplot2
    
    Attaching package: 'plotly'
    
    The following object is masked from 'package:ggplot2':
    
     last_plot
    
    The following object is masked from 'package:oro.nifti':
    
     slice
    
    The following object is masked from 'package:stats':
    
     filter
    
    The following object is masked from 'package:graphics':
    
     layout
    
    PhantomJS not found. You can install it with webshot::install_phantomjs(). If it is installed, please make sure the phantomjs executable can be found via the PATH variable.
    PhantomJS not found. You can install it with webshot::install_phantomjs(). If it is installed, please make sure the phantomjs executable can be found via the PATH variable.
    Quitting from lines 105-106 (tciu-LT-kimesurface.Rmd)
    Error: processing vignette 'tciu-LT-kimesurface.Rmd' failed with diagnostics:
    invalid 'path' argument
    --- failed re-building ‘tciu-LT-kimesurface.Rmd’
    
    --- re-building ‘tciu-fMRI-analytics.Rmd’ using rmarkdown
    Warning in engine$weave(file, quiet = quiet, encoding = enc) :
     Pandoc (>= 1.12.3) not available. Falling back to R Markdown v1.
    Loading required package: TCIU
    Loading required package: DT
    Loading required package: AnalyzeFMRI
    Loading required package: R.matlab
    R.matlab v3.6.2 (2018-09-26) successfully loaded. See ?R.matlab for help.
    
    Attaching package: 'R.matlab'
    
    The following objects are masked from 'package:base':
    
     getOption, isOpen
    
    Loading required package: fastICA
    Loading required package: tcltk
    PhantomJS not found. You can install it with webshot::install_phantomjs(). If it is installed, please make sure the phantomjs executable can be found via the PATH variable.
    PhantomJS not found. You can install it with webshot::install_phantomjs(). If it is installed, please make sure the phantomjs executable can be found via the PATH variable.
    Quitting from lines 133-134 (tciu-fMRI-analytics.Rmd)
    Error: processing vignette 'tciu-fMRI-analytics.Rmd' failed with diagnostics:
    invalid 'path' argument
    --- failed re-building ‘tciu-fMRI-analytics.Rmd’
    
    SUMMARY: processing the following files failed:
     ‘tciu-LT-kimesurface.Rmd’ ‘tciu-fMRI-analytics.Rmd’
    
    Error: Vignette re-building failed.
    Execution halted
Flavors: r-release-macos-x86_64, r-oldrel-macos-x86_64