Last updated on 2024-04-23 10:54:19 CEST.
Flavor | Version | Tinstall | Tcheck | Ttotal | Status | Flags |
---|---|---|---|---|---|---|
r-devel-linux-x86_64-debian-clang | 0.1.1 | 12.06 | 118.00 | 130.06 | OK | |
r-devel-linux-x86_64-debian-gcc | 0.1.1 | 11.00 | 88.22 | 99.22 | OK | |
r-devel-linux-x86_64-fedora-clang | 0.1.1 | 168.96 | NOTE | |||
r-devel-linux-x86_64-fedora-gcc | 0.1.1 | 151.27 | NOTE | |||
r-prerel-macos-arm64 | 0.1.1 | 50.00 | OK | |||
r-prerel-windows-x86_64 | 0.1.1 | 13.00 | 99.00 | 112.00 | OK | |
r-patched-linux-x86_64 | 0.1.1 | 10.46 | 113.93 | 124.39 | OK | |
r-release-linux-x86_64 | 0.1.1 | 12.54 | 118.01 | 130.55 | OK | |
r-release-macos-arm64 | 0.1.1 | 57.00 | OK | |||
r-release-macos-x86_64 | 0.1.1 | 82.00 | OK | |||
r-release-windows-x86_64 | 0.1.1 | 16.00 | 125.00 | 141.00 | OK | |
r-oldrel-macos-arm64 | 0.1.1 | 57.00 | NOTE | |||
r-oldrel-windows-x86_64 | 0.1.1 | 17.00 | 122.00 | 139.00 | OK |
Version: 0.1.1
Check: dependencies in R code
Result: NOTE
Namespace in Imports field not imported from: ‘readr’
All declared Imports should be used.
Flavors: r-devel-linux-x86_64-fedora-clang, r-devel-linux-x86_64-fedora-gcc, r-oldrel-macos-arm64