CRAN Package Check Results for Package SubpathwayGMir

Last updated on 2021-10-24 10:04:22 CEST.

Flavor Version Tinstall Tcheck Ttotal Status Flags
r-devel-linux-x86_64-debian-clang 1.0 8.77 122.09 130.86 NOTE
r-devel-linux-x86_64-debian-gcc 1.0 8.54 108.62 117.16 NOTE
r-devel-linux-x86_64-fedora-clang 1.0 192.10 NOTE
r-devel-linux-x86_64-fedora-gcc 1.0 177.35 NOTE
r-devel-windows-x86_64 1.0 15.00 198.00 213.00 NOTE
r-devel-windows-x86_64-gcc10-UCRT 1.0 NOTE
r-patched-linux-x86_64 1.0 12.22 131.08 143.30 NOTE
r-patched-solaris-x86 1.0 302.50 NOTE
r-release-linux-x86_64 1.0 9.54 135.47 145.01 NOTE
r-release-macos-arm64 1.0 NOTE
r-release-macos-x86_64 1.0 NOTE
r-release-windows-ix86+x86_64 1.0 12.00 165.00 177.00 NOTE
r-oldrel-macos-x86_64 1.0 NOTE
r-oldrel-windows-ix86+x86_64 1.0 16.00 187.00 203.00 NOTE

Check Details

Version: 1.0
Check: R code for possible problems
Result: NOTE
    identifyGraph: no visible global function definition for 'phyper'
    mytriangle: no visible global function definition for 'symbols'
    plotGraph: no visible global function definition for 'par'
    updateOrgEnvir: no visible global function definition for 'read.table'
    Undefined global functions or variables:
     par phyper read.table symbols
    Consider adding
     importFrom("graphics", "par", "symbols")
     importFrom("stats", "phyper")
     importFrom("utils", "read.table")
    to your NAMESPACE file.
Flavors: r-devel-linux-x86_64-debian-clang, r-devel-linux-x86_64-debian-gcc, r-devel-linux-x86_64-fedora-clang, r-devel-linux-x86_64-fedora-gcc, r-devel-windows-x86_64, r-devel-windows-x86_64-gcc10-UCRT, r-patched-linux-x86_64, r-patched-solaris-x86, r-release-linux-x86_64, r-release-macos-arm64, r-release-macos-x86_64, r-release-windows-ix86+x86_64, r-oldrel-macos-x86_64, r-oldrel-windows-ix86+x86_64