CRAN Package Check Results for Package StepwiseTest

Last updated on 2021-10-23 10:57:09 CEST.

Flavor Version Tinstall Tcheck Ttotal Status Flags
r-devel-linux-x86_64-debian-clang 1.0 30.00 24.08 54.08 OK
r-devel-linux-x86_64-debian-gcc 1.0 21.30 19.28 40.58 OK
r-devel-linux-x86_64-fedora-clang 1.0 90.57 NOTE
r-devel-linux-x86_64-fedora-gcc 1.0 72.73 NOTE
r-devel-windows-x86_64 1.0 43.00 40.00 83.00 OK
r-devel-windows-x86_64-gcc10-UCRT 1.0 OK
r-patched-linux-x86_64 1.0 27.19 24.01 51.20 OK
r-patched-solaris-x86 1.0 87.70 OK
r-release-linux-x86_64 1.0 27.04 23.97 51.01 OK
r-release-macos-arm64 1.0 OK
r-release-macos-x86_64 1.0 OK
r-release-windows-ix86+x86_64 1.0 58.00 64.00 122.00 OK
r-oldrel-macos-x86_64 1.0 OK
r-oldrel-windows-ix86+x86_64 1.0 78.00 77.00 155.00 OK

Check Details

Version: 1.0
Check: compiled code
Result: NOTE
    File ‘StepwiseTest/libs/StepwiseTest.so’:
     Found no calls to: ‘R_registerRoutines’, ‘R_useDynamicSymbols’
    
    It is good practice to register native routines and to disable symbol
    search.
    
    See ‘Writing portable packages’ in the ‘Writing R Extensions’ manual.
Flavors: r-devel-linux-x86_64-fedora-clang, r-devel-linux-x86_64-fedora-gcc