CRAN Package Check Results for Package StatCharrms

Last updated on 2021-07-24 09:54:14 CEST.

Flavor Version Tinstall Tcheck Ttotal Status Flags
r-devel-linux-x86_64-debian-clang 0.90.96 0.69 2.55 3.24 ERROR
r-devel-linux-x86_64-debian-gcc 0.90.96 0.50 1.99 2.49 ERROR
r-devel-linux-x86_64-fedora-clang 0.90.96 7.28 ERROR
r-devel-linux-x86_64-fedora-gcc 0.90.96 1.94 ERROR
r-devel-windows-x86_64 0.90.96 17.00 138.00 155.00 OK
r-devel-windows-x86_64-gcc10-UCRT 0.90.96 OK
r-patched-linux-x86_64 0.90.96 20.40 150.30 170.70 OK
r-patched-solaris-x86 0.90.96 313.00 OK
r-release-linux-x86_64 0.90.96 14.45 151.56 166.01 OK
r-release-macos-arm64 0.90.96 ERROR
r-release-macos-x86_64 0.90.96 OK
r-release-windows-ix86+x86_64 0.90.96 34.00 160.00 194.00 OK
r-oldrel-macos-x86_64 0.90.96 OK
r-oldrel-windows-ix86+x86_64 0.90.96 35.00 170.00 205.00 OK

Check Details

Version: 0.90.96
Check: package dependencies
Result: ERROR
    Packages required but not available: 'RGtk2', 'gWidgets2RGtk2', 'RSCABS'
    
    See section 'The DESCRIPTION file' in the 'Writing R Extensions'
    manual.
Flavors: r-devel-linux-x86_64-debian-clang, r-devel-linux-x86_64-debian-gcc, r-devel-linux-x86_64-fedora-clang, r-devel-linux-x86_64-fedora-gcc

Version: 0.90.96
Check: package dependencies
Result: ERROR
    Packages required but not available:
     'RGtk2', 'gWidgets2RGtk2', 'cairoDevice', 'RSCABS'
    
    See section ‘The DESCRIPTION file’ in the ‘Writing R Extensions’
    manual.
Flavor: r-release-macos-arm64