CRAN Package Check Results for Package StanHeaders

Last updated on 2021-09-22 09:52:50 CEST.

Flavor Version Tinstall Tcheck Ttotal Status Flags
r-devel-linux-x86_64-debian-clang 2.21.0-7 27.22 549.59 576.81 OK
r-devel-linux-x86_64-debian-gcc 2.21.0-7 19.20 370.00 389.20 OK
r-devel-linux-x86_64-fedora-clang 2.21.0-7 642.69 NOTE
r-devel-linux-x86_64-fedora-gcc 2.21.0-7 665.66 OK
r-devel-windows-x86_64 2.21.0-7 42.00 431.00 473.00 NOTE
r-devel-windows-x86_64-gcc10-UCRT 2.21.0-7 ERROR
r-patched-linux-x86_64 2.21.0-7 22.50 490.79 513.29 OK
r-patched-solaris-x86 2.21.0-7 1346.10 NOTE
r-release-linux-x86_64 2.21.0-7 20.86 505.74 526.60 OK
r-release-macos-arm64 2.21.0-7 NOTE
r-release-macos-x86_64 2.21.0-7 NOTE
r-release-windows-ix86+x86_64 2.21.0-7 115.00 544.00 659.00 NOTE
r-oldrel-macos-x86_64 2.21.0-7 NOTE
r-oldrel-windows-ix86+x86_64 2.21.0-7 77.00 421.00 498.00 NOTE

Check Details

Version: 2.21.0-7
Check: installed package size
Result: NOTE
     installed size is 13.9Mb
     sub-directories of 1Mb or more:
     include 10.7Mb
     lib 3.0Mb
Flavors: r-devel-linux-x86_64-fedora-clang, r-devel-windows-x86_64, r-patched-solaris-x86, r-release-macos-arm64, r-release-macos-x86_64, r-release-windows-ix86+x86_64, r-oldrel-macos-x86_64, r-oldrel-windows-ix86+x86_64

Version: 2.21.0-7
Check: package dependencies
Result: ERROR
    Package required but not available: 'RcppParallel'
    
    Package suggested but not available for checking: 'rstan'
    
    See section 'The DESCRIPTION file' in the 'Writing R Extensions'
    manual.
Flavor: r-devel-windows-x86_64-gcc10-UCRT