Last updated on 2024-04-22 10:56:38 CEST.
Flavor | Version | Tinstall | Tcheck | Ttotal | Status | Flags |
---|---|---|---|---|---|---|
r-devel-linux-x86_64-debian-clang | 0.14-0 | 76.73 | 92.65 | 169.38 | NOTE | |
r-devel-linux-x86_64-debian-gcc | 0.14-0 | 56.64 | 67.07 | 123.71 | NOTE | |
r-devel-linux-x86_64-fedora-clang | 0.14-0 | 238.36 | NOTE | |||
r-devel-linux-x86_64-fedora-gcc | 0.14-0 | 253.14 | NOTE | |||
r-prerel-macos-arm64 | 0.14-0 | 59.00 | NOTE | |||
r-prerel-windows-x86_64 | 0.14-0 | 60.00 | 147.00 | 207.00 | NOTE | |
r-patched-linux-x86_64 | 0.14-0 | 61.78 | 87.32 | 149.10 | NOTE | |
r-release-linux-x86_64 | 0.14-0 | 69.72 | 84.20 | 153.92 | OK | |
r-release-macos-arm64 | 0.14-0 | 59.00 | OK | |||
r-release-macos-x86_64 | 0.14-0 | 89.00 | OK | |||
r-release-windows-x86_64 | 0.14-0 | 73.00 | 150.00 | 223.00 | OK | |
r-oldrel-macos-arm64 | 0.14-0 | 56.00 | OK | |||
r-oldrel-windows-x86_64 | 0.14-0 | 70.00 | 142.00 | 212.00 | OK |
Version: 0.14-0
Check: Rd files
Result: NOTE
checkRd: (-1) SpatialBSS-package.Rd:25: Lost braces in \itemize; meant \describe ?
checkRd: (-1) SpatialBSS-package.Rd:26: Lost braces in \itemize; meant \describe ?
checkRd: (-1) SpatialBSS-package.Rd:27: Lost braces in \itemize; meant \describe ?
checkRd: (-1) SpatialBSS-package.Rd:28: Lost braces in \itemize; meant \describe ?
Flavors: r-devel-linux-x86_64-debian-clang, r-devel-linux-x86_64-debian-gcc, r-devel-linux-x86_64-fedora-clang, r-devel-linux-x86_64-fedora-gcc, r-prerel-macos-arm64, r-prerel-windows-x86_64, r-patched-linux-x86_64