CRAN Package Check Results for Package SoyNAM

Last updated on 2021-10-16 09:54:33 CEST.

Flavor Version Tinstall Tcheck Ttotal Status Flags
r-devel-linux-x86_64-debian-clang 1.6.1 9.19 85.42 94.61 OK
r-devel-linux-x86_64-debian-gcc 1.6.1 7.28 67.28 74.56 OK
r-devel-linux-x86_64-fedora-clang 1.6.1 121.85 NOTE
r-devel-linux-x86_64-fedora-gcc 1.6.1 108.88 OK
r-devel-windows-x86_64 1.6.1 11.00 76.00 87.00 NOTE
r-devel-windows-x86_64-gcc10-UCRT 1.6.1 OK
r-patched-linux-x86_64 1.6.1 8.38 82.83 91.21 OK
r-patched-solaris-x86 1.6.1 187.00 NOTE
r-release-linux-x86_64 1.6.1 9.33 81.69 91.02 OK
r-release-macos-arm64 1.6.1 NOTE
r-release-macos-x86_64 1.6.1 NOTE
r-release-windows-ix86+x86_64 1.6.1 22.00 105.00 127.00 NOTE
r-oldrel-macos-x86_64 1.6.1 NOTE
r-oldrel-windows-ix86+x86_64 1.6.1 21.00 107.00 128.00 NOTE

Check Details

Version: 1.6.1
Check: installed package size
Result: NOTE
     installed size is 5.3Mb
     sub-directories of 1Mb or more:
     data 5.2Mb
Flavors: r-devel-linux-x86_64-fedora-clang, r-devel-windows-x86_64, r-patched-solaris-x86, r-release-macos-arm64, r-release-macos-x86_64, r-release-windows-ix86+x86_64, r-oldrel-macos-x86_64, r-oldrel-windows-ix86+x86_64