CRAN Package Check Results for Package SixSigma

Last updated on 2021-07-27 09:53:39 CEST.

Flavor Version Tinstall Tcheck Ttotal Status Flags
r-devel-linux-x86_64-debian-clang 0.9-52 6.17 81.34 87.51 NOTE
r-devel-linux-x86_64-debian-gcc 0.9-52 5.08 60.77 65.85 NOTE
r-devel-linux-x86_64-fedora-clang 0.9-52 120.10 NOTE
r-devel-linux-x86_64-fedora-gcc 0.9-52 124.26 NOTE
r-devel-windows-x86_64 0.9-52 13.00 632.00 645.00 OK
r-devel-windows-x86_64-gcc10-UCRT 0.9-52 OK
r-patched-linux-x86_64 0.9-52 7.89 77.09 84.98 NOTE
r-patched-solaris-x86 0.9-52 149.90 NOTE
r-release-linux-x86_64 0.9-52 5.16 76.75 81.91 NOTE
r-release-macos-arm64 0.9-52 OK
r-release-macos-x86_64 0.9-52 OK
r-release-windows-ix86+x86_64 0.9-52 19.00 89.00 108.00 OK
r-oldrel-macos-x86_64 0.9-52 OK
r-oldrel-windows-ix86+x86_64 0.9-52 24.00 652.00 676.00 OK

Check Details

Version: 0.9-52
Check: for non-standard things in the check directory
Result: NOTE
    Found the following files/directories:
     'helicopter.pdf'
Flavors: r-devel-linux-x86_64-debian-clang, r-devel-linux-x86_64-debian-gcc, r-devel-linux-x86_64-fedora-clang, r-devel-linux-x86_64-fedora-gcc, r-patched-linux-x86_64, r-patched-solaris-x86, r-release-linux-x86_64