CRAN Package Check Results for Package SiteAdapt

Last updated on 2021-08-04 09:55:11 CEST.

Flavor Version Tinstall Tcheck Ttotal Status Flags
r-devel-linux-x86_64-debian-clang 1.1.0 14.19 214.53 228.72 OK
r-devel-linux-x86_64-debian-gcc 1.1.0 11.78 161.74 173.52 OK
r-devel-linux-x86_64-fedora-clang 1.1.0 285.20 OK
r-devel-linux-x86_64-fedora-gcc 1.1.0 269.58 OK
r-devel-windows-x86_64 1.1.0 36.00 294.00 330.00 OK
r-devel-windows-x86_64-gcc10-UCRT 1.1.0 OK
r-patched-linux-x86_64 1.1.0 13.33 202.58 215.91 OK
r-patched-solaris-x86 1.1.0 462.80 OK
r-release-linux-x86_64 1.1.0 13.76 201.11 214.87 OK
r-release-macos-arm64 1.1.0 ERROR
r-release-macos-x86_64 1.1.0 OK
r-release-windows-ix86+x86_64 1.1.0 47.00 210.00 257.00 OK
r-oldrel-macos-x86_64 1.1.0 OK
r-oldrel-windows-ix86+x86_64 1.1.0 42.00 293.00 335.00 OK

Check Details

Version: 1.1.0
Check: whether package can be installed
Result: ERROR
    Installation failed.
Flavor: r-release-macos-arm64